{"id":18,"date":"2008-06-02T13:32:49","date_gmt":"2008-06-02T13:32:49","guid":{"rendered":"https:\/\/henkilot.vihreat.fi\/virpi.junttila\/tervetuloa\/"},"modified":"2025-07-16T11:43:00","modified_gmt":"2025-07-16T08:43:00","slug":"tervetuloa","status":"publish","type":"page","link":"https:\/\/henkilot.vihreat.fi\/virpi.junttila\/","title":{"rendered":"Virpi Junttila"},"content":{"rendered":"\n<h2 class=\"wp-block-heading\"><a href=\"https:\/\/henkilot.vihreat.fi\/virpi.junttila\/files\/2021\/05\/1CAF2475-322D-4B2F-A05F-F38E8D718267.png\">Vihre\u00e4mpi Lappeenranta<\/a><figure><a href=\"https:\/\/henkilot.vihreat.fi\/virpi.junttila\/files\/2021\/05\/vaalit2021_lahi-scaled.jpeg\"><img loading=\"lazy\" decoding=\"async\" width=\"231\" height=\"300\" class=\"size-medium wp-image-522 alignright\" src=\"https:\/\/henkilot.vihreat.fi\/virpi.junttila\/files\/2021\/05\/vaalit2021_lahi-231x300.jpeg\" alt=\"\"\/><\/a><\/figure><\/h2>\n\n\n\n<p>Toimin valtuustokaudella 2025-2029 kaupunginvaltuutettuna viiden hengen Vihre\u00e4ss\u00e4 valtuustoryhm\u00e4ss\u00e4. Toimin my\u00f6s ryhm\u00e4n puheenjohtajana. Muita luottamustoimiani t\u00e4ll\u00e4 kaudella ovat Kaupunkikehityslautakunnan sek\u00e4 Etel\u00e4-Karjalan maakuntavaltuuston j\u00e4senyys.<\/p>\n\n\n\n<!--more-->\n\n\n\n<p>T\u00e4\u00e4lt\u00e4 kotisivuultani l\u00f6yd\u00e4t <a href=\"https:\/\/henkilot.vihreat.fi\/virpi.junttila\/aiheet\/matkanvarrelta\/\">kirjoituksiani eri aiheisiin liittyen<\/a>. Kerron sivuillani my\u00f6s <a href=\"https:\/\/henkilot.vihreat.fi\/virpi.junttila\/tervetuloa\/tietoja-2\/\" data-type=\"page\" data-id=\"21\">taustoistani<\/a> sek\u00e4 nykyisist\u00e4 ja menneist\u00e4 <a href=\"https:\/\/henkilot.vihreat.fi\/virpi.junttila\/tervetuloa\/tietoja-2\/luottamustoimiani\/\">luottamusteht\u00e4vist\u00e4ni.<\/a><\/p>\n","protected":false},"excerpt":{"rendered":"<p>Vihre\u00e4mpi Lappeenranta Toimin valtuustokaudella 2025-2029 kaupunginvaltuutettuna viiden hengen Vihre\u00e4ss\u00e4 valtuustoryhm\u00e4ss\u00e4. Toimin my\u00f6s ryhm\u00e4n puheenjohtajana. Muita luottamustoimiani t\u00e4ll\u00e4 kaudella ovat Kaupunkikehityslautakunnan sek\u00e4 Etel\u00e4-Karjalan maakuntavaltuuston j\u00e4senyys.<\/p>\n","protected":false},"author":600,"featured_media":403,"parent":0,"menu_order":0,"comment_status":"open","ping_status":"open","template":"","meta":{"_et_pb_use_builder":"off","_et_pb_old_content":"<!-- wp:heading -->\n<h2 class=\"wp-block-heading\"><a href=\"https:\/\/henkilot.vihreat.fi\/virpi.junttila\/files\/2021\/05\/1CAF2475-322D-4B2F-A05F-F38E8D718267.png\">Vihre\u00e4mpi Lappeenranta<\/a><figure><a href=\"https:\/\/henkilot.vihreat.fi\/virpi.junttila\/files\/2021\/05\/vaalit2021_lahi-scaled.jpeg\"><img width=\"231\" height=\"300\" class=\"size-medium wp-image-522 alignright\" src=\"https:\/\/henkilot.vihreat.fi\/virpi.junttila\/files\/2021\/05\/vaalit2021_lahi-231x300.jpeg\" alt=\"\"><\/a><\/figure><\/h2>\n<!-- \/wp:heading -->\n\n<!-- wp:paragraph -->\n<p>Toimin valtuustokaudella 2025-2029 kaupunginvaltuutettuna viiden hengen Vihre\u00e4ss\u00e4 valtuustoryhm\u00e4ss\u00e4. Toimin my\u00f6s ryhm\u00e4n puheenjohtajana. Muita luottamustoimiani t\u00e4ll\u00e4 kaudella ovat Kaupunkikehityslautakunnan sek\u00e4 Etel\u00e4-Karjalan maakuntavaltuuston j\u00e4senyys.<\/p>\n<!-- \/wp:paragraph -->\n\n<!-- wp:more -->\n<!--more-->\n<!-- \/wp:more -->\n\n<!-- wp:paragraph -->\n<p>Kerron itsest\u00e4ni tarkemmin <a href=\"https:\/\/henkilot.vihreat.fi\/virpi.junttila\/tervetuloa\/tietoja-2\/\">t\u00e4\u00e4ll\u00e4<\/a>. Kerron sivuillani my\u00f6s nykyisist\u00e4 ja menneist\u00e4 <a href=\"https:\/\/henkilot.vihreat.fi\/virpi.junttila\/tervetuloa\/tietoja-2\/luottamustoimiani\/\">luottamusteht\u00e4vist\u00e4ni.<\/a><\/p>\n<!-- \/wp:paragraph -->","_et_gb_content_width":"","footnotes":""},"class_list":["post-18","page","type-page","status-publish","has-post-thumbnail","hentry"],"_links":{"self":[{"href":"https:\/\/henkilot.vihreat.fi\/virpi.junttila\/wp-json\/wp\/v2\/pages\/18","targetHints":{"allow":["GET"]}}],"collection":[{"href":"https:\/\/henkilot.vihreat.fi\/virpi.junttila\/wp-json\/wp\/v2\/pages"}],"about":[{"href":"https:\/\/henkilot.vihreat.fi\/virpi.junttila\/wp-json\/wp\/v2\/types\/page"}],"author":[{"embeddable":true,"href":"https:\/\/henkilot.vihreat.fi\/virpi.junttila\/wp-json\/wp\/v2\/users\/600"}],"replies":[{"embeddable":true,"href":"https:\/\/henkilot.vihreat.fi\/virpi.junttila\/wp-json\/wp\/v2\/comments?post=18"}],"version-history":[{"count":67,"href":"https:\/\/henkilot.vihreat.fi\/virpi.junttila\/wp-json\/wp\/v2\/pages\/18\/revisions"}],"predecessor-version":[{"id":664,"href":"https:\/\/henkilot.vihreat.fi\/virpi.junttila\/wp-json\/wp\/v2\/pages\/18\/revisions\/664"}],"wp:featuredmedia":[{"embeddable":true,"href":"https:\/\/henkilot.vihreat.fi\/virpi.junttila\/wp-json\/wp\/v2\/media\/403"}],"wp:attachment":[{"href":"https:\/\/henkilot.vihreat.fi\/virpi.junttila\/wp-json\/wp\/v2\/media?parent=18"}],"curies":[{"name":"wp","href":"https:\/\/api.w.org\/{rel}","templated":true}]}}