{"id":273,"date":"2012-09-11T17:21:52","date_gmt":"2012-09-11T17:21:52","guid":{"rendered":"http:\/\/vihreatehdokkaat.fi\/sari.pesu\/?page_id=273"},"modified":"2022-01-09T10:47:10","modified_gmt":"2022-01-09T08:47:10","slug":"kunnallisvaaliohjelma-2012","status":"publish","type":"page","link":"https:\/\/henkilot.vihreat.fi\/sari.pesu\/kunnallisvaaliohjelma-2012\/","title":{"rendered":"Vantaan ja Keravan hyvinvointialueen Vihre\u00e4 vaaliohjelma 2022"},"content":{"rendered":"<h1 class=\"entry-title main_title\"><strong style=\"font-size: 16px;\">Kriisitilanteista ennaltaehk\u00e4isyyn<\/strong><\/h1>\n<ul>\n<li aria-level=\"1\">Panostetaan ennaltaehk\u00e4isyyn ja varhaiseen puuttumiseen, jotka ovat toimina sek\u00e4 inhimillisesti ett\u00e4 taloudellisesti tehokkaimpia. Sairaaloiden ja terveysasemien lis\u00e4ksi terveytt\u00e4 ja hyvinvointia yll\u00e4pidet\u00e4\u00e4n my\u00f6s kunnan monipuolisilla kulttuuri- ja harrastuspalveluilla.<\/li>\n<li aria-level=\"1\">Varmistetaan riitt\u00e4v\u00e4 ja osaava sosiaali- ja terveydenhuollon henkil\u00f6st\u00f6, jotta avun voi tarvittaessa saada nopeasti.<\/li>\n<li aria-level=\"1\">Varmistetaan laadukas ja tarpeenmukainen i\u00e4kk\u00e4iden kotihoito.<\/li>\n<li aria-level=\"1\">Keskityt\u00e4\u00e4n p\u00e4ihdepalveluissa haittojen v\u00e4hent\u00e4miseen ja ennaltaehk\u00e4isyyn.<\/li>\n<li aria-level=\"1\">Edistet\u00e4\u00e4n tiedolla johtamista. Data mahdollistaa ongelmien esiin nousemisen jo varhaisessa vaiheessa, ja n\u00e4in niihin on helpompi puuttua ajoissa.<\/li>\n<\/ul>\n<p><strong>Jonotuksesta saavutettavuuteen<\/strong><\/p>\n<ul>\n<li aria-level=\"1\">Panostetaan laadukkaisiin l\u00e4hipalveluihin. Sosiaali- ja terveyskeskuksen tulee olla helposti saavutettavissa k\u00e4vellen, py\u00f6r\u00e4ll\u00e4 ja julkisilla liikennev\u00e4lineill\u00e4. Palvelut voivat olla my\u00f6s liikkuvia ja menn\u00e4 palvelua tarvitsevien luo, jolloin ihmisten tarve matkustaa terveyspalveluiden per\u00e4ss\u00e4 v\u00e4henee.<\/li>\n<li aria-level=\"1\">Hy\u00f6dynnet\u00e4\u00e4n digitalisaatiota ja et\u00e4palveluita palveluiden ja neuvonnan tarjoamiseen suurille joukoille kustannustehokkaasti, asiakasl\u00e4ht\u00f6isesti ja vaikuttavasti.<\/li>\n<li aria-level=\"1\">Edistet\u00e4\u00e4n yhden luukun periaatetta. Terveyspalveluiden lis\u00e4ksi my\u00f6s esimerkiksi apteekkipalvelut voisivat olla saatavilla helposti sosiaali- ja terveyskeskuksessa tai sen v\u00e4litt\u00f6m\u00e4ss\u00e4 l\u00e4heisyydess\u00e4.<\/li>\n<li aria-level=\"1\">Varmistetaan, ett\u00e4 palvelut ovat tarvittaessa saatavilla usealla kielell\u00e4.<\/li>\n<li aria-level=\"1\">Turvataan pelastustoimen resurssit ja l\u00e4hipalvelut.<\/li>\n<\/ul>\n<p><strong>Eriarvoisuudesta yhdenvertaisuuteen<\/strong><\/p>\n<ul>\n<li aria-level=\"1\">Turvataan kuntalaisten yhdenvertaiset mahdollisuudet saada sosiaali- ja terveyspalveluita. Asiakasmaksut eiv\u00e4t saa muodostua hoitoon hakeutumisen esteeksi. Palvelut tulee l\u00e4ht\u00f6kohtaisesti jo suunnitella niin, ettei kukaan ole eriarvoisessa asemassa.<\/li>\n<li aria-level=\"1\">Varmistetaan asiakkaan sensitiivinen kohtaaminen (mm. kulttuuri ja sukupuoli huomioiden) esimerkiksi henkil\u00f6st\u00f6n riitt\u00e4v\u00e4ll\u00e4 koulutuksella. Huomioidaan \u201cpintaterveiden\u201d yht\u00e4l\u00e4inen hoidon tarve.<\/li>\n<li aria-level=\"1\">Torjutaan asunnottomuutta yhteisty\u00f6ss\u00e4 kuntien ja j\u00e4rjest\u00f6jen kanssa.\u00a0 Pyrit\u00e4\u00e4n siihen, ett\u00e4 jokaisella olisi koti. Asunnottomuuden torjunta on k\u00f6yhyyden ja eriarvoisuuden torjuntaa. K\u00f6yhyys ja terveysongelmat kulkevat usein k\u00e4si k\u00e4dess\u00e4.<\/li>\n<li aria-level=\"1\">Edistet\u00e4\u00e4n hyvinvointialueen henkil\u00f6st\u00f6n ty\u00f6hyvinvointia. Hyvinvointialue on merkitt\u00e4v\u00e4 ty\u00f6nantaja, jonka velvollisuus on edist\u00e4\u00e4 ty\u00f6ntekij\u00f6idens\u00e4 ty\u00f6hyvinvointia ja jaksamista. Henkil\u00f6st\u00f6n jaksamiseen ja viihtyvyyteen vaikuttavat mm. riitt\u00e4v\u00e4 henkil\u00f6st\u00f6, hyv\u00e4t ja turvalliset ty\u00f6olot sek\u00e4 asianmukainen palkka. Henkil\u00f6st\u00f6\u00e4 tulee kuulla heit\u00e4 koskevissa asioissa.<\/li>\n<\/ul>\n<p><strong>Tabuista ja stigmoista tietoisuuteen<\/strong><\/p>\n<ul>\n<li aria-level=\"1\">Hy\u00f6dynnet\u00e4\u00e4n tieteellist\u00e4 tutkimustietoa p\u00e4\u00e4t\u00f6ksenteossa ja palveluiden kehitt\u00e4misess\u00e4, esimerkiksi k\u00e4yp\u00e4 hoito -suosituksia.<\/li>\n<li aria-level=\"1\">Edistet\u00e4\u00e4n seksuaaliterveytt\u00e4 tarjoamalla matalan kynnyksen seksuaali- ja ehk\u00e4isyneuvontaa seksuaali- ja sukupuoliv\u00e4hemmist\u00f6t huomioiden.<\/li>\n<\/ul>\n<p><strong>Riistosta kest\u00e4vyyteen<\/strong><\/p>\n<ul>\n<li aria-level=\"1\">Ymm\u00e4rret\u00e4\u00e4n luonnon ja ekosysteemipalveluiden merkitys terveyden edist\u00e4misess\u00e4, esimerkiksi istutukset kaupunkialueella v\u00e4hent\u00e4v\u00e4t stressi\u00e4 ja l\u00e4hiluonto edist\u00e4\u00e4 mielenterveytt\u00e4. Puhdas ilma ja vesi ovat el\u00e4m\u00e4n perusta. Tehd\u00e4\u00e4n yhteisty\u00f6t\u00e4 kuntien kanssa ekosysteemipalveluiden turvaamiseksi.<\/li>\n<li aria-level=\"1\">Otetaan hankinnoissa ja investoinneissa huomioon niiden vaikutukset ymp\u00e4rist\u00f6\u00f6n. Hyvinvointialue hoitaa talouttaan kest\u00e4v\u00e4sti ja l\u00e4pin\u00e4kyv\u00e4sti.<\/li>\n<\/ul>\n<p><strong>Yksin\u00e4isyydest\u00e4 yhteis\u00f6llisyyteen<\/strong><\/p>\n<ul>\n<li aria-level=\"1\">Mahdollistetaan yhdess\u00e4 j\u00e4rjest\u00f6jen kanssa vertaistuen saaminen esimerkiksi pitk\u00e4aikaissairaille ja heid\u00e4n omaisilleen, pitk\u00e4aikaissairaiden lasten perheille ja mielenterveyskuntoutujille. Tarjotaan j\u00e4rjest\u00f6ille hyvinvointialueen omistuksessa olevia tiloja terveytt\u00e4 edist\u00e4v\u00e4\u00e4n toimintaan ja kokoontumiseen.<\/li>\n<li aria-level=\"1\">Hy\u00f6dynnet\u00e4\u00e4n kokemusasiantuntijuutta, my\u00f6s palveluiden kehitt\u00e4misess\u00e4 ja p\u00e4\u00e4t\u00f6ksenteossa. Kuullaan ja osallistetaan palveluiden k\u00e4ytt\u00e4ji\u00e4.<\/li>\n<\/ul>\n<p>&nbsp;<\/p>\n<p><a href=\"https:\/\/henkilot.vihreat.fi\/sari.pesu\/files\/2017\/03\/IMG_1946.jpg\"><img loading=\"lazy\" decoding=\"async\" class=\"alignnone size-full wp-image-26409\" src=\"https:\/\/henkilot.vihreat.fi\/sari.pesu\/files\/2017\/03\/IMG_1946.jpg\" alt=\"\" width=\"497\" height=\"374\" srcset=\"https:\/\/henkilot.vihreat.fi\/sari.pesu\/files\/2017\/03\/IMG_1946.jpg 497w, https:\/\/henkilot.vihreat.fi\/sari.pesu\/files\/2017\/03\/IMG_1946-300x226.jpg 300w\" sizes=\"auto, (max-width: 497px) 100vw, 497px\" \/><\/a><\/p>\n","protected":false},"excerpt":{"rendered":"<p>Kriisitilanteista ennaltaehk\u00e4isyyn Panostetaan ennaltaehk\u00e4isyyn ja varhaiseen puuttumiseen, jotka ovat toimina sek\u00e4 inhimillisesti ett\u00e4 taloudellisesti tehokkaimpia. Sairaaloiden ja terveysasemien lis\u00e4ksi terveytt\u00e4 ja hyvinvointia yll\u00e4pidet\u00e4\u00e4n my\u00f6s kunnan monipuolisilla kulttuuri- ja harrastuspalveluilla. Varmistetaan riitt\u00e4v\u00e4 ja osaava sosiaali- ja terveydenhuollon henkil\u00f6st\u00f6, jotta avun voi &hellip; <a href=\"https:\/\/henkilot.vihreat.fi\/sari.pesu\/kunnallisvaaliohjelma-2012\/\">Lue loppuun <span class=\"meta-nav\">&rarr;<\/span><\/a><\/p>\n","protected":false},"author":596,"featured_media":0,"parent":0,"menu_order":0,"comment_status":"closed","ping_status":"closed","template":"","meta":{"footnotes":""},"class_list":["post-273","page","type-page","status-publish","hentry"],"_links":{"self":[{"href":"https:\/\/henkilot.vihreat.fi\/sari.pesu\/wp-json\/wp\/v2\/pages\/273","targetHints":{"allow":["GET"]}}],"collection":[{"href":"https:\/\/henkilot.vihreat.fi\/sari.pesu\/wp-json\/wp\/v2\/pages"}],"about":[{"href":"https:\/\/henkilot.vihreat.fi\/sari.pesu\/wp-json\/wp\/v2\/types\/page"}],"author":[{"embeddable":true,"href":"https:\/\/henkilot.vihreat.fi\/sari.pesu\/wp-json\/wp\/v2\/users\/596"}],"replies":[{"embeddable":true,"href":"https:\/\/henkilot.vihreat.fi\/sari.pesu\/wp-json\/wp\/v2\/comments?post=273"}],"version-history":[{"count":13,"href":"https:\/\/henkilot.vihreat.fi\/sari.pesu\/wp-json\/wp\/v2\/pages\/273\/revisions"}],"predecessor-version":[{"id":26772,"href":"https:\/\/henkilot.vihreat.fi\/sari.pesu\/wp-json\/wp\/v2\/pages\/273\/revisions\/26772"}],"wp:attachment":[{"href":"https:\/\/henkilot.vihreat.fi\/sari.pesu\/wp-json\/wp\/v2\/media?parent=273"}],"curies":[{"name":"wp","href":"https:\/\/api.w.org\/{rel}","templated":true}]}}