{"id":26435,"date":"2017-03-12T22:33:10","date_gmt":"2017-03-12T20:33:10","guid":{"rendered":"https:\/\/henkilot.vihreat.fi\/sari.pesu\/?page_id=26435"},"modified":"2022-01-02T14:42:12","modified_gmt":"2022-01-02T12:42:12","slug":"aikaansaannoksia","status":"publish","type":"page","link":"https:\/\/henkilot.vihreat.fi\/sari.pesu\/aikaansaannoksia\/","title":{"rendered":"Aikaansaannoksia"},"content":{"rendered":"<p><strong>Politiikka on yhteisty\u00f6t\u00e4.<\/strong><\/p>\n<hr \/>\n<p>Politiikassa tulee pysty\u00e4 vakuuttamaan muut poliitikot (puolueesta huolimatta) asian t\u00e4rkeydest\u00e4, tehokkuudesta, vaikuttavuudesta jne. Sen lis\u00e4ksi t\u00e4ytyy saada viranhaltija valmistelemaan ja selvitt\u00e4m\u00e4\u00e4n asiaa. Ei riit\u00e4, ett\u00e4 on mielipiteit\u00e4. Ei riit\u00e4, ett\u00e4 sanoo mielipiteens\u00e4 \u00e4\u00e4neen.<\/p>\n<p>Hyvin harvoin poliitikko voi sanoa saaneensa yksin jotain aikaan. Useimmiten aikaansaannokset ovat yhteisty\u00f6t\u00e4 ja ryhmien aikaansaannoksia. Politiikka on yhteisty\u00f6t\u00e4. Olen ollut vaikuttamassa satoihin ellei tuhansiin p\u00e4\u00e4t\u00f6ksiin, valmistelu- ja strategiaty\u00f6h\u00f6n. Olen puolustanut lasten yhdenvertaista oikeutta varhaiskasvatukseen, pienempi\u00e4 luokkakokoja, laadukasta sosiaali-ja terveydenhuoltoa, turvallista ja arvokasta vanhuutta, uimahallia, Sinkkaa, l\u00e4himetsi\u00e4 jne. Olen mm. vastustanut keravalaisten verorahojen (useita miljoonia) k\u00e4ytt\u00f6\u00e4 Fennovoiman osakkeisiin.<\/p>\n<p>Nostan esiin pari asiaa, joissa olen vahvasti ollut aloittajana.<\/p>\n<p style=\"text-align: left;\"><strong>P\u00e4ihde- ja mielenterveyspiste <a href=\"https:\/\/terveyspalvelut.kerava.fi\/palvelumme\/mielenterveys-ja-p\u00e4ihdepalvelut1\" target=\"_blank\" rel=\"noopener\">MIEP\u00c4\u00a0<\/a><\/strong><\/p>\n<p style=\"text-align: left;\">Olin miettinyt miten Keravan mielenterveys-ja p\u00e4hdepalveluja voitaisiin vahvistaa ja kehitt\u00e4\u00e4. Omassa ty\u00f6ss\u00e4ni kuulin HUS Hyks Psykiatria toimialajohtajan Matti Holin etsiv\u00e4n Uudenmaan alueelta pilottikuntaa uudenlaiseen yhteistoimintaan erikoissairaanhoidon kanssa. Mielenterveyden hoitamisessa on inhimillisemp\u00e4\u00e4 ja viel\u00e4p\u00e4 kustannustehokasta puuttua ongelmiin ajoissa matalalla kynnyksell\u00e4. (<a href=\"http:\/\/www.hs.fi\/paakirjoitukset\/art-2000002925012.html\" target=\"_blank\" rel=\"noopener\">Ks. HS<\/a>)<\/p>\n<p style=\"text-align: left;\">Neuvottelin Matti Holin kanssa ja selvitin olisiko Kerava sopiva kunta pilottiin, vastaus oli kyll\u00e4. Olin sitten saman tien yhteydess\u00e4 Keravan sosiaali-ja terveysjohtaja Erja Wiili-Peltolaan. Neuvottelut alkoivat. Infomoin samalla poliitikkoja ja silloista Keravan sosiaali-ja terveyslautakunnan puheenjohtaja Tuula Lindi\u00e4. Koko syksy tehtiin t\u00f6it\u00e4 ja nyt on toiminta k\u00e4ynnistetty. Keravalla avattiin matalan kynnyksen p\u00e4ihde-ja mielenterveysty\u00f6n vastaanotto 6.3.2017.<\/p>\n<p style=\"text-align: left;\"><strong>Sinebrychoffin <a href=\"https:\/\/henkilot.vihreat.fi\/sari.pesu\/2009\/12\/04\/hei-kaikki-7-17-vuotiaat-keravalaiset-sinebrychoffin-harrastestipendin-hakuaika-112-1512010\/\" target=\"_blank\" rel=\"noopener\">harrastestipendi<\/a> keravalaisille nuorille\u00a0<\/strong><\/p>\n<p style=\"text-align: left;\">Tammikuussa 2009 olin samassa tilaisuudessa Sinebrychoffin viestint\u00e4johtaja Marja-Liisa Weckstr\u00f6min kanssa. Keskustelimme miten voitaisiin keravalaisia lapsia ja nuoria tukea kasvussa vastuulliseen aikuisuuteen, millaisia karikoita kasvava nuori kohtaa, millaiset asiat ovat lapsille ja nuorille t\u00e4rkeit\u00e4, miten voitaisiin ehk\u00e4ist\u00e4 syrj\u00e4ytymist\u00e4 ja muutenkin tukea nuorta terveisiin el\u00e4m\u00e4ntapoihin, miten lis\u00e4t\u00e4 osallisuutta? Silloin keksin idean harrastustoiminnan rahallisesta tukemisesta. Harrastestipendi\u00e4 on jaettu vuosittain ja toiminta jatkuu.<\/p>\n<p style=\"text-align: left;\">T\u00e4ss\u00e4 viel\u00e4 hyv\u00e4 kirjoitus <a href=\"http:\/\/www.hs.fi\/kaupunki\/art-2000005162657.html?share=6640f43eb5a7cc4427531215f377ac6b\" target=\"_blank\" rel=\"noopener\">aiheesta<\/a>,\u00a0<strong>yhteisty\u00f6st\u00e4 politiikassa.\u00a0<\/strong><\/p>\n<p style=\"text-align: left;\"><em>Bryssel 2015, tutustumassa eu parlamenttiin :<\/em><\/p>\n<p style=\"text-align: left;\"><a href=\"https:\/\/henkilot.vihreat.fi\/sari.pesu\/files\/2017\/03\/10253847_10202395534344648_1177025884146052380_n.jpg\"><img loading=\"lazy\" decoding=\"async\" class=\"alignnone size-medium wp-image-26420 aligncenter\" src=\"https:\/\/henkilot.vihreat.fi\/sari.pesu\/files\/2017\/03\/10253847_10202395534344648_1177025884146052380_n-300x224.jpg\" alt=\"\" width=\"300\" height=\"224\" srcset=\"https:\/\/henkilot.vihreat.fi\/sari.pesu\/files\/2017\/03\/10253847_10202395534344648_1177025884146052380_n-300x224.jpg 300w, https:\/\/henkilot.vihreat.fi\/sari.pesu\/files\/2017\/03\/10253847_10202395534344648_1177025884146052380_n-768x574.jpg 768w, https:\/\/henkilot.vihreat.fi\/sari.pesu\/files\/2017\/03\/10253847_10202395534344648_1177025884146052380_n.jpg 960w\" sizes=\"auto, (max-width: 300px) 100vw, 300px\" \/><\/a><\/p>\n","protected":false},"excerpt":{"rendered":"<p>Politiikka on yhteisty\u00f6t\u00e4. Politiikassa tulee pysty\u00e4 vakuuttamaan muut poliitikot (puolueesta huolimatta) asian t\u00e4rkeydest\u00e4, tehokkuudesta, vaikuttavuudesta jne. Sen lis\u00e4ksi t\u00e4ytyy saada viranhaltija valmistelemaan ja selvitt\u00e4m\u00e4\u00e4n asiaa. Ei riit\u00e4, ett\u00e4 on mielipiteit\u00e4. Ei riit\u00e4, ett\u00e4 sanoo mielipiteens\u00e4 \u00e4\u00e4neen. Hyvin harvoin poliitikko voi &hellip; <a href=\"https:\/\/henkilot.vihreat.fi\/sari.pesu\/aikaansaannoksia\/\">Lue loppuun <span class=\"meta-nav\">&rarr;<\/span><\/a><\/p>\n","protected":false},"author":596,"featured_media":0,"parent":0,"menu_order":4,"comment_status":"closed","ping_status":"closed","template":"","meta":{"footnotes":""},"class_list":["post-26435","page","type-page","status-publish","hentry"],"_links":{"self":[{"href":"https:\/\/henkilot.vihreat.fi\/sari.pesu\/wp-json\/wp\/v2\/pages\/26435","targetHints":{"allow":["GET"]}}],"collection":[{"href":"https:\/\/henkilot.vihreat.fi\/sari.pesu\/wp-json\/wp\/v2\/pages"}],"about":[{"href":"https:\/\/henkilot.vihreat.fi\/sari.pesu\/wp-json\/wp\/v2\/types\/page"}],"author":[{"embeddable":true,"href":"https:\/\/henkilot.vihreat.fi\/sari.pesu\/wp-json\/wp\/v2\/users\/596"}],"replies":[{"embeddable":true,"href":"https:\/\/henkilot.vihreat.fi\/sari.pesu\/wp-json\/wp\/v2\/comments?post=26435"}],"version-history":[{"count":13,"href":"https:\/\/henkilot.vihreat.fi\/sari.pesu\/wp-json\/wp\/v2\/pages\/26435\/revisions"}],"predecessor-version":[{"id":26770,"href":"https:\/\/henkilot.vihreat.fi\/sari.pesu\/wp-json\/wp\/v2\/pages\/26435\/revisions\/26770"}],"wp:attachment":[{"href":"https:\/\/henkilot.vihreat.fi\/sari.pesu\/wp-json\/wp\/v2\/media?parent=26435"}],"curies":[{"name":"wp","href":"https:\/\/api.w.org\/{rel}","templated":true}]}}