{"id":25885,"date":"2016-08-11T10:58:25","date_gmt":"2016-08-11T10:58:25","guid":{"rendered":"http:\/\/sivupaketti.vihreat.fi\/?page_id=25880"},"modified":"2025-05-19T20:22:34","modified_gmt":"2025-05-19T17:22:34","slug":"minna","status":"publish","type":"page","link":"https:\/\/henkilot.vihreat.fi\/minna.roukkio-taipale\/minna\/","title":{"rendered":"Minna"},"content":{"rendered":"\n<figure class=\"wp-block-image size-full\"><img loading=\"lazy\" decoding=\"async\" width=\"163\" height=\"241\" src=\"https:\/\/henkilot.vihreat.fi\/minna.roukkio-taipale\/files\/2025\/02\/16v_kutistettu.jpg\" alt=\"\" class=\"wp-image-26533\"\/><\/figure>\n\n\n\n<p class=\"p1 wp-block-paragraph\"><strong>Moikka,<\/strong>                                                                                                                                                                                                   <\/p>\n\n\n\n<p class=\"p1 wp-block-paragraph\">Min\u00e4 olen Minna Roukkio-Taipale. Olen syntyj\u00e4\u00e4n Vampulasta, kasvanut Porissa ja tullut Tampereen kautta Kokkolaan muutama  vuosi ennen vuosituhannen vaihtumista. T\u00e4ll\u00e4 hetkell\u00e4 meill\u00e4 asuu mieheni ja pienin kolmesta lapsestani.<span class=\"Apple-converted-space\">&nbsp;<\/span><\/p>\n\n\n\n<p class=\"has-text-align-left p1 wp-block-paragraph\">Olen prosessi-insin\u00f6\u00f6ri, lempipainotusalueeni oli ymp\u00e4rist\u00f6tekniikka. Olen ennen ja j\u00e4lkeen koulujen toiminut  useassa eri teht\u00e4v\u00e4ss\u00e4. T\u00e4ll\u00e4 hetkell\u00e4 toimin LVI-suunnittelijana.<span class=\"Apple-converted-space\">&nbsp;<\/span><\/p>\n\n\n\n<p class=\"p1 wp-block-paragraph\">Politiikkaan l\u00e4hdin mukaan, kun tunsin ett\u00e4 halusin enemm\u00e4n tasa-arvoa poliittiseen p\u00e4\u00e4tt\u00f6ksentekoon. Vihre\u00e4 liike oli minulle ainoa oikea puolue, koska arvoista ymp\u00e4rist\u00f6nsuojelu, tasa-arvo ja lapsiperheet ovat minulle l\u00e4himp\u00e4n\u00e4 syd\u00e4nt\u00e4.&nbsp; &nbsp;T\u00e4rkeysj\u00e4rjestykseen en halua n\u00e4it\u00e4 laittaa, minulle ne ovat samanarvoisia.<span class=\"Apple-converted-space\">&nbsp;<\/span><\/p>\n\n\n\n<p class=\"p1 wp-block-paragraph\">Vapaa-aikani k\u00e4yt\u00e4n mielell\u00e4ni k\u00e4sit\u00f6ihin. Ompelen vaatteita my\u00f6s Nuppuspakkauksiin, eli keskosille, ja olen mukana Onnea ry:n toiminnassa mm. hallituksen j\u00e4senen\u00e4. Onnea ry j\u00e4rjest\u00e4\u00e4 v\u00e4h\u00e4varaisille Kokkolalaisille lapsille syntym\u00e4p\u00e4iv\u00e4juhlia. Lis\u00e4ksi olen mukana taloyhti\u00f6n hallituksessa puheenjohtajana, ammattiyhdistyksen hallituksen sihteerin\u00e4 sek\u00e4 toimin Keski-Pohjanmaan Vihreiden puheenjohtajana. L\u00f6yd\u00e4t kaikki luottamustoimet alta.<\/p>\n\n\n\n<h2 class=\"wp-block-heading\">LUOTTAMUSTOIMET<\/h2>\n\n\n\n<p class=\"wp-block-paragraph\">As Oy Tervanarun hallitus 2016 &#8211; 2021, 2021-2023, puheenjohtaja 2022-<\/p>\n\n\n\n<p class=\"wp-block-paragraph\">Koivuhaan koulun vanhempienraati &nbsp; puheenjohtaja syksy 2021-kev\u00e4t 2024<\/p>\n\n\n\n<p class=\"wp-block-paragraph\">Koivuhaan koulun huvitoimikunta, entinen vanhempienyhdistys 2008-2014, 2018-2024<\/p>\n\n\n\n<p class=\"wp-block-paragraph\">Keski-Pohjanmaan vihre\u00e4t &nbsp; hallitus 2022- puheenjohtaja 2023-<\/p>\n\n\n\n<p class=\"wp-block-paragraph\">Onnea ry hallitus 2022-<\/p>\n\n\n\n<p class=\"wp-block-paragraph\">Pohjanmaan j\u00e4telautakunta, j\u00e4sen 2021 &#8211; 2025<\/p>\n\n\n\n<p class=\"wp-block-paragraph\">Kokkolan kaupungin tarkastuslautakunta,\u00a0 <br \/>varaj\u00e4sen 2021 &#8211; 2022, j\u00e4sen 2022 &#8211; 2025<\/p>\n\n\n\n<p class=\"wp-block-paragraph\">Keski-Pohjanmaan Pro hallitus, varaj\u00e4sen 2024, sihteeri 2025<\/p>\n","protected":false},"excerpt":{"rendered":"<p>Moikka, Min\u00e4 olen Minna Roukkio-Taipale. Olen syntyj\u00e4\u00e4n Vampulasta, kasvanut Porissa ja tullut Tampereen kautta Kokkolaan muutama vuosi ennen vuosituhannen vaihtumista. T\u00e4ll\u00e4 hetkell\u00e4 meill\u00e4 asuu mieheni ja pienin kolmesta lapsestani.&nbsp; Olen prosessi-insin\u00f6\u00f6ri, lempipainotusalueeni oli ymp\u00e4rist\u00f6tekniikka. Olen ennen ja j\u00e4lkeen koulujen toiminut useassa eri teht\u00e4v\u00e4ss\u00e4. T\u00e4ll\u00e4 hetkell\u00e4 toimin LVI-suunnittelijana.&nbsp; Politiikkaan l\u00e4hdin mukaan, kun tunsin ett\u00e4 halusin enemm\u00e4n [&hellip;]<\/p>\n","protected":false},"author":1,"featured_media":0,"parent":0,"menu_order":0,"comment_status":"closed","ping_status":"closed","template":"","meta":{"_crdt_document":"","footnotes":""},"class_list":["post-25885","page","type-page","status-publish","hentry"],"_links":{"self":[{"href":"https:\/\/henkilot.vihreat.fi\/minna.roukkio-taipale\/wp-json\/wp\/v2\/pages\/25885","targetHints":{"allow":["GET"]}}],"collection":[{"href":"https:\/\/henkilot.vihreat.fi\/minna.roukkio-taipale\/wp-json\/wp\/v2\/pages"}],"about":[{"href":"https:\/\/henkilot.vihreat.fi\/minna.roukkio-taipale\/wp-json\/wp\/v2\/types\/page"}],"author":[{"embeddable":true,"href":"https:\/\/henkilot.vihreat.fi\/minna.roukkio-taipale\/wp-json\/wp\/v2\/users\/1"}],"replies":[{"embeddable":true,"href":"https:\/\/henkilot.vihreat.fi\/minna.roukkio-taipale\/wp-json\/wp\/v2\/comments?post=25885"}],"version-history":[{"count":20,"href":"https:\/\/henkilot.vihreat.fi\/minna.roukkio-taipale\/wp-json\/wp\/v2\/pages\/25885\/revisions"}],"predecessor-version":[{"id":26562,"href":"https:\/\/henkilot.vihreat.fi\/minna.roukkio-taipale\/wp-json\/wp\/v2\/pages\/25885\/revisions\/26562"}],"wp:attachment":[{"href":"https:\/\/henkilot.vihreat.fi\/minna.roukkio-taipale\/wp-json\/wp\/v2\/media?parent=25885"}],"curies":[{"name":"wp","href":"https:\/\/api.w.org\/{rel}","templated":true}]}}

<figure class="wp-block-image size-full"><img loading="lazy" decoding="async" width="163" height="241" src="https://henkilot.vihreat.fi/minna.roukkio-taipale/files/2025/02/16v_kutistettu.jpg" alt="" class="wp-image-26533"/></figure>



<p class="p1 wp-block-paragraph"><strong>Moikka,</strong>                                                                                                                                                                                                   </p>



<p class="p1 wp-block-paragraph">Minä olen Minna Roukkio-Taipale. Olen syntyjään Vampulasta, kasvanut Porissa ja tullut Tampereen kautta Kokkolaan muutama  vuosi ennen vuosituhannen vaihtumista. Tällä hetkellä meillä asuu mieheni ja pienin kolmesta lapsestani.<span class="Apple-converted-space">&nbsp;</span></p>



<p class="has-text-align-left p1 wp-block-paragraph">Olen prosessi-insinööri, lempipainotusalueeni oli ympäristötekniikka. Olen ennen ja jälkeen koulujen toiminut  useassa eri tehtävässä. Tällä hetkellä toimin LVI-suunnittelijana.<span class="Apple-converted-space">&nbsp;</span></p>



<p class="p1 wp-block-paragraph">Politiikkaan lähdin mukaan, kun tunsin että halusin enemmän tasa-arvoa poliittiseen päättöksentekoon. Vihreä liike oli minulle ainoa oikea puolue, koska arvoista ympäristönsuojelu, tasa-arvo ja lapsiperheet ovat minulle lähimpänä sydäntä.&nbsp; &nbsp;Tärkeysjärjestykseen en halua näitä laittaa, minulle ne ovat samanarvoisia.<span class="Apple-converted-space">&nbsp;</span></p>



<p class="p1 wp-block-paragraph">Vapaa-aikani käytän mielelläni käsitöihin. Ompelen vaatteita myös Nuppuspakkauksiin, eli keskosille, ja olen mukana Onnea ry:n toiminnassa mm. hallituksen jäsenenä. Onnea ry järjestää vähävaraisille Kokkolalaisille lapsille syntymäpäiväjuhlia. Lisäksi olen mukana taloyhtiön hallituksessa puheenjohtajana, ammattiyhdistyksen hallituksen sihteerinä sekä toimin Keski-Pohjanmaan Vihreiden puheenjohtajana. Löydät kaikki luottamustoimet alta.</p>



<h2 class="wp-block-heading">LUOTTAMUSTOIMET</h2>



<p class="wp-block-paragraph">As Oy Tervanarun hallitus 2016 &#8211; 2021, 2021-2023, puheenjohtaja 2022-</p>



<p class="wp-block-paragraph">Koivuhaan koulun vanhempienraati &nbsp; puheenjohtaja syksy 2021-kevät 2024</p>



<p class="wp-block-paragraph">Koivuhaan koulun huvitoimikunta, entinen vanhempienyhdistys 2008-2014, 2018-2024</p>



<p class="wp-block-paragraph">Keski-Pohjanmaan vihreät &nbsp; hallitus 2022- puheenjohtaja 2023-</p>



<p class="wp-block-paragraph">Onnea ry hallitus 2022-</p>



<p class="wp-block-paragraph">Pohjanmaan jätelautakunta, jäsen 2021 &#8211; 2025</p>



<p class="wp-block-paragraph">Kokkolan kaupungin tarkastuslautakunta,  <br />varajäsen 2021 &#8211; 2022, jäsen 2022 &#8211; 2025</p>



<p class="wp-block-paragraph">Keski-Pohjanmaan Pro hallitus, varajäsen 2024, sihteeri 2025</p>

<p>Moikka, Minä olen Minna Roukkio-Taipale. Olen syntyjään Vampulasta, kasvanut Porissa ja tullut Tampereen kautta Kokkolaan muutama vuosi ennen vuosituhannen vaihtumista. Tällä hetkellä meillä asuu mieheni ja pienin kolmesta lapsestani.&nbsp; Olen prosessi-insinööri, lempipainotusalueeni oli ympäristötekniikka. Olen ennen ja jälkeen koulujen toiminut useassa eri tehtävässä. Tällä hetkellä toimin LVI-suunnittelijana.&nbsp; Politiikkaan lähdin mukaan, kun tunsin että halusin enemmän [&hellip;]</p>
