{"id":28315,"date":"2021-01-22T23:19:24","date_gmt":"2021-01-22T20:19:24","guid":{"rendered":"https:\/\/henkilot.vihreat.fi\/eve.ramo\/?page_id=28315"},"modified":"2023-02-09T23:36:18","modified_gmt":"2023-02-09T21:36:18","slug":"kuntavaalit-2017","status":"publish","type":"page","link":"https:\/\/henkilot.vihreat.fi\/eve.ramo\/politiikka\/kuntavaalit-2017\/","title":{"rendered":"Kuntavaalit 2017"},"content":{"rendered":"\n<div class=\"wp-block-columns is-layout-flex wp-container-core-columns-is-layout-28f84493 wp-block-columns-is-layout-flex\">\n<div class=\"wp-block-column election-page-container is-layout-flow wp-block-column-is-layout-flow\" style=\"flex-basis:100%\">\n<div class=\"wp-block-columns is-layout-flex wp-container-core-columns-is-layout-28f84493 wp-block-columns-is-layout-flex\">\n<div class=\"wp-block-column is-vertically-aligned-top is-layout-flow wp-block-column-is-layout-flow\">\n<h2 class=\"wp-block-heading\">Lapset ensin<\/h2>\n\n\n\n<blockquote class=\"wp-block-quote has-text-align-center is-style-large is-layout-flow wp-block-quote-is-layout-flow\">\n<p>Tulevaisuuteen kannattaa panostaa!<\/p>\n<\/blockquote>\n\n\n\n<p>Haluamme Vantaalla turvata lapsille tasa-arvoisen lapsuuden ja yhdenvertaisen l\u00e4ht\u00f6kohdan el\u00e4m\u00e4\u00e4n. Haluamme lastemme kasvavan hyvinvoivien vanhempien perheiss\u00e4, terveiss\u00e4 kouluissa ja osaavan henkil\u00f6st\u00f6n parissa. Haluamme, ett\u00e4 aikuisilla on lapsille aikaa. Haluamme, ett\u00e4 lapsemme saavat laadukasta opetusta ja varhaiskasvatusta terveiss\u00e4 rakennuksissa. Tukea erilaisille oppilaille on tarjottava matalalla kynnyksell\u00e4 ja tukea on oltava helposti ja monipuolisesti saatavilla. Monet p\u00e4\u00e4t\u00f6kset ja muutokset palveluihin vaikuttavat merkitt\u00e4v\u00e4sti lasten ja perheiden hyvinvointiin. P\u00e4\u00e4t\u00f6ksi\u00e4 tehdess\u00e4 ja palveluita suunniteltaessa tulee tehd\u00e4 lapsivaikutusten arviointia. Satsaus lapsiin on satsaus tulevaisuuteen.<\/p>\n\n\n\n<h3 class=\"has-text-color wp-block-heading\" style=\"color:#006845\">Vihre\u00e4mpi Vantaa<\/h3>\n\n\n\n<ul class=\"wp-block-list\">\n<li>Poistaa subjektiivisen p\u00e4iv\u00e4hoito-oikeuden rajauksen<\/li>\n\n\n\n<li>Kiinnitt\u00e4\u00e4 erityist\u00e4 huomiota koulujen ja p\u00e4iv\u00e4kotien kuntoon ja korjaa viipym\u00e4tt\u00e4 huonokuntoiset rakennukset<\/li>\n\n\n\n<li>Lis\u00e4\u00e4 resursseja lasten ja perheiden ennalta ehk\u00e4iseviin palveluihin<\/li>\n\n\n\n<li>Helpottaa hoitoon p\u00e4\u00e4semist\u00e4 ja palvelusta toiseen siirtymist\u00e4<\/li>\n<\/ul>\n\n\n\n<div style=\"height:20px\" aria-hidden=\"true\" class=\"wp-block-spacer\"><\/div>\n\n\n\n<h2 class=\"wp-block-heading\">Lastensuojeluun taattava riitt\u00e4v\u00e4t resurssit<\/h2>\n\n\n\n<blockquote class=\"wp-block-quote has-text-align-center is-style-large is-layout-flow wp-block-quote-is-layout-flow\">\n<p>Riitt\u00e4v\u00e4 ja oikea-aikainen tuki sit\u00e4 tarvitseville<\/p>\n<\/blockquote>\n\n\n\n<p>Vantaalla pitk\u00e4\u00e4n jatkunut h\u00e4t\u00e4 lastensuojelussa on vihdoin otettava vakavasti. Alueille on palkattava lis\u00e4\u00e4 sosiaality\u00f6ntekij\u00f6it\u00e4 ja sosiaaliohjaajia korjaamaan tilanne. Yksik\u00e4\u00e4n lapsi tai perhe ei voi j\u00e4\u00e4d\u00e4 odottamaan rakenteellisia muutoksia vaan on teht\u00e4v\u00e4 my\u00f6s pikaisia lyhyemm\u00e4n aikav\u00e4lin ratkaisuja. Lastensuojelussa tulee m\u00e4\u00e4ritell\u00e4 mitoitus asiakkuuksien m\u00e4\u00e4r\u00e4lle; m\u00e4\u00e4r\u00e4, jota ei voida ylitt\u00e4\u00e4. Lastensuojelu on korjaavaa ty\u00f6t\u00e4 niille lapsille, joiden lapsuus on s\u00e4rkynyt ja tukea niille perheille, jotka tarvitsevat apua.<\/p>\n\n\n\n<p>Lastensuojelun ty\u00f6ntekij\u00f6iden pitk\u00e4\u00e4n jatkunut kuormitus ei poistu hetkess\u00e4 &#8211; ty\u00f6h\u00f6n on rakennettava t\u00e4ysin uudet rakenteet niin, ett\u00e4 ty\u00f6ntekij\u00e4t kokevat voivansa tehd\u00e4 ty\u00f6ns\u00e4 hyvin, eettisesti ja niin, ett\u00e4 ty\u00f6 palkitsee. Ty\u00f6n ep\u00e4kohtia esiin tuovia ty\u00f6ntekij\u00f6it\u00e4 ei saa leimata, vaan tulee korjata ep\u00e4kohdat ja tunnustaa ongelmat. Jokaisen lapsen ja perheen tilannetta tulee seurata paremmin. Liian ty\u00f6kuorman taakka tulee kantaa organisaatiotasolla &#8211; ei s\u00e4lytt\u00e4\u00e4 yksitt\u00e4isille ty\u00f6ntekij\u00f6ille.<\/p>\n\n\n\n<h3 class=\"has-text-color wp-block-heading\" style=\"color:#006845\">Vihre\u00e4mpi Vantaa<\/h3>\n\n\n\n<ul class=\"wp-block-list\">\n<li>Lis\u00e4\u00e4 henkil\u00f6st\u00f6resursseja lastensuojelun suunnitelmalliseen sosiaality\u00f6h\u00f6n<\/li>\n\n\n\n<li>Asettaa sitovan mitoituksen lastensuojelun asiakasm\u00e4\u00e4riin per sosiaality\u00f6ntekij\u00e4<\/li>\n\n\n\n<li>Seuraa kuukausittain sit\u00e4, miten lakis\u00e4\u00e4teiset m\u00e4\u00e4r\u00e4t lasten tapaamisissa toteutuvat<\/li>\n\n\n\n<li>Hy\u00f6dynt\u00e4\u00e4 uutta tekniikkaa ja \u00e4lypuhelimia ty\u00f6turvallisuudessa ja ty\u00f6ajanseurannassa<\/li>\n<\/ul>\n\n\n\n<div style=\"height:20px\" aria-hidden=\"true\" class=\"wp-block-spacer\"><\/div>\n\n\n\n<h2 class=\"wp-block-heading\">Hyv\u00e4t l\u00e4hiliikuntapaikat ja edulliset harrastusmahdollisuudet<\/h2>\n\n\n\n<blockquote class=\"wp-block-quote has-text-align-center is-style-large is-layout-flow wp-block-quote-is-layout-flow\">\n<p>Liikkumalla terveytt\u00e4 ja hyvinvointia jokaiselle<\/p>\n<\/blockquote>\n\n\n\n<p>Liikunta lis\u00e4\u00e4 hyvinvointia ja terveytt\u00e4. Jokaisella aikuisella ja lapsella tulee olla mahdollisuus harrastaa liikuntaa. Vantaalle on rakennettava lis\u00e4\u00e4 ilmaisia liikuntapaikkoja. Kenttien ja hallien vuokrien tulee olla maltillisia niin, ettei yhdenk\u00e4\u00e4n lapsen harrastaminen j\u00e4\u00e4 kiinni kalliista maksuista. Uimahallien tulee sijoittua niin, ett\u00e4 kaikilla vantaalaisilla on yht\u00e4l\u00e4iset mahdollisuudet ja matkat halleille.<\/p>\n\n\n\n<h3 class=\"has-text-color wp-block-heading\" style=\"color:#006845\">Vihre\u00e4mpi Vantaa<\/h3>\n\n\n\n<ul class=\"wp-block-list\">\n<li>Rakentaa lis\u00e4\u00e4 ilmaisia liikuntapaikkoja, esimerkiksi juoksuportaita ja frisbeegolf-kentti\u00e4.<\/li>\n\n\n\n<li>Mahdollistaa riitt\u00e4v\u00e4n m\u00e4\u00e4r\u00e4n julkisrahoitteisia kentti\u00e4 joissa vuokrat ovat kohtuullisia.<\/li>\n\n\n\n<li>Rakentaa Korso-Koivukyl\u00e4n asukkaille uuden uimahallin<\/li>\n<\/ul>\n\n\n\n<div style=\"height:20px\" aria-hidden=\"true\" class=\"wp-block-spacer\"><\/div>\n\n\n\n<h2 class=\"wp-block-heading\">Hyvinvoivat ty\u00f6ntekij\u00e4t tuottavat laadukkaita palveluita<\/h2>\n\n\n\n<p>Vantaan on ty\u00f6nantajana pidett\u00e4v\u00e4 parempi huoli henkil\u00f6kunnastaan. Henkil\u00f6kunnan hyvinvoinnilla on suora vaikutus tuotettavan palvelun laatuun ja tehokkuuteen. Henkil\u00f6kunnan viesti ty\u00f6oloista on otettava aina vakavissaan ja rakenteita on oltava valmis tarkastelemaan kriittisesti. Henkil\u00f6kunnan sairauspoissaoloja tulee pyrki\u00e4 v\u00e4hent\u00e4m\u00e4\u00e4n hyvinvointia lis\u00e4\u00e4m\u00e4ll\u00e4. Resurssien on oltava oikein mitoitettuja ja ty\u00f6v\u00e4lineiden asiamukaisia.<\/p>\n\n\n\n<h3 class=\"has-text-color wp-block-heading\" style=\"color:#006845\">Vihre\u00e4mpi Vantaa<\/h3>\n\n\n\n<ul class=\"wp-block-list\">\n<li>Kehitt\u00e4\u00e4 V\u00e4lke seurantaj\u00e4rjestelm\u00e4\u00e4 ty\u00f6t\u00e4 ja jaksamista tukevaan muotoon<\/li>\n\n\n\n<li>Kiinnitt\u00e4\u00e4 entist\u00e4 suurempaa huomiota ty\u00f6ntekij\u00f6iden vaihtuvuuteen<\/li>\n\n\n\n<li>Lis\u00e4\u00e4 esimiesten koulutusta henkil\u00f6st\u00f6johtamiseen<\/li>\n<\/ul>\n\n\n\n<div style=\"height:20px\" aria-hidden=\"true\" class=\"wp-block-spacer\"><\/div>\n\n\n\n<h2 class=\"wp-block-heading\">Yhdenvertaiset mahdollisuudet ja tuki kotoutumiseen<\/h2>\n\n\n\n<p>Vantaa on Suomen monikulttuurisin kaupunki. Monikulttuurinen kaupunki tarjoaa jokaiselle yhdenvertaisen mahdollisuuden hyv\u00e4\u00e4n arkeen eik\u00e4 syrji ket\u00e4\u00e4n. Erilaiset kulttuurit ja uskonnot tuovat v\u00e4ri\u00e4 ja moninaisuutta kaupunkikuvaan. Maahanmuuttajien kotoutumiseen ja kielikoulutukseen on lis\u00e4tt\u00e4v\u00e4 resursseja niin, ettei kukaan j\u00e4\u00e4 yhteiskunnan ulkopuolelle.<\/p>\n\n\n\n<p>Vantaan on syrjinn\u00e4st\u00e4 vapaa kaupunki, joka toimii aktiivisesti suvaitsevaisuuden puolesta. Vantaalaisten tulee olla aidosti yhdenvertaisia eik\u00e4 ket\u00e4\u00e4n saa syrji\u00e4 sukupuolen, i\u00e4n, alkuper\u00e4n, kielen, uskonnon, vakaumuksen, mielipiteen, terveydentilan, vammaisuuden tai muun henkil\u00f6\u00f6n liittyv\u00e4n syyn perusteella. Vihapuheeseen tulee puuttua aktiivisesti.<\/p>\n\n\n\n<h3 class=\"has-text-color wp-block-heading\" style=\"color:#006845\">Vihre\u00e4mpi Vantaa<\/h3>\n\n\n\n<ul class=\"wp-block-list\">\n<li>Lis\u00e4\u00e4 rahaa maahanmuuttajien kotoutumiseen ja kielikoulutukseen<\/li>\n\n\n\n<li>Tekee enemm\u00e4n yhteisty\u00f6t\u00e4 kansalaisj\u00e4rjest\u00f6jen kanssa monikulttuurisen toiminnan edist\u00e4miseksi<\/li>\n<\/ul>\n\n\n\n<div style=\"height:20px\" aria-hidden=\"true\" class=\"wp-block-spacer\"><\/div>\n\n\n\n<h2 class=\"wp-block-heading\">Vantaan hyv\u00e4t innovaatiot s\u00e4ilytett\u00e4v\u00e4 my\u00f6s sotessa<\/h2>\n\n\n\n<p>Vantaa on pitk\u00e4\u00e4n jatkuneen heikon taloustilanteen my\u00f6t\u00e4 kehitt\u00e4nyt lukuisia hyvi\u00e4 ja luovia ratkaisuja tehd\u00e4 asiat paremmin, luovemmin ja halvemmin. Usein innovaatiot ovat syntyneet henkil\u00f6kunnan parannusehdotuksista. N\u00e4ist\u00e4 innovaatiosta tulee pit\u00e4\u00e4 kiinni my\u00f6s Soten my\u00f6t\u00e4. Hyv\u00e4t k\u00e4yt\u00e4nteet tulee kirjata ja dokumentoida. Vantaan omien palveluiden tulee olla kilpailukykyisi\u00e4 ja laadukkaita.<\/p>\n<\/div>\n\n\n\n<div class=\"wp-block-column is-vertically-aligned-top is-layout-flow wp-block-column-is-layout-flow\" style=\"flex-basis:22em\">\n<figure class=\"wp-block-image size-large is-style-default\"><img loading=\"lazy\" decoding=\"async\" width=\"667\" height=\"1000\" src=\"http:\/\/localhost\/eve\/wp-content\/uploads\/2012\/08\/Eve_Ra\u0308mo\u0308_KP-6Web.jpg\" alt=\"\" class=\"wp-image-26147\" srcset=\"https:\/\/henkilot.vihreat.fi\/eve.ramo\/files\/2012\/08\/Eve_Ra\u0308mo\u0308_KP-6Web.jpg 667w, https:\/\/henkilot.vihreat.fi\/eve.ramo\/files\/2012\/08\/Eve_Ra\u0308mo\u0308_KP-6Web-200x300.jpg 200w\" sizes=\"auto, (max-width: 667px) 100vw, 667px\" \/><\/figure>\n\n\n\n<p><strong>VAALIKONEET<\/strong><\/p>\n\n\n\n<p><a href=\"http:\/\/www.vaalikone.fi\/kunta2017\/vantaa\/ehdokas\/3910\/\" data-type=\"URL\" data-id=\"http:\/\/www.vaalikone.fi\/kunta2017\/vantaa\/ehdokas\/3910\/\" target=\"_blank\" rel=\"noreferrer noopener\"><strong>HS VAALIKONE<\/strong><\/a><\/p>\n\n\n\n<p><a rel=\"noreferrer noopener\" href=\"http:\/\/www.vaalikone.fi\/kunta2017\/is\/vantaa\/ehdokas\/3910\" data-type=\"URL\" data-id=\"http:\/\/www.vaalikone.fi\/kunta2017\/is\/vantaa\/ehdokas\/3910\" target=\"_blank\"><strong>IS VAALIKONE<\/strong><\/a><\/p>\n\n\n\n<p><strong><a rel=\"noreferrer noopener\" href=\"http:\/\/www.vantaansanomat.fi\/vaalikone\" data-type=\"URL\" data-id=\"http:\/\/www.vantaansanomat.fi\/vaalikone\" target=\"_blank\">VANTAAN SANOMIEN VAALIKONE<\/a><\/strong><\/p>\n\n\n\n<p><a href=\"https:\/\/vaalikone.yle.fi\/kuntavaalit2017\/vantaa\/ehdokkaat\/14938\" data-type=\"URL\" data-id=\"https:\/\/vaalikone.yle.fi\/kuntavaalit2017\/vantaa\/ehdokkaat\/14938\" target=\"_blank\" rel=\"noreferrer noopener\"><strong>YLE VAALIKONE<\/strong><\/a><\/p>\n\n\n\n<p><a href=\"http:\/\/vaalikone.elainpolitiikka.fi\/Ehdokas\/Nayta\/95#!R%c3%a4m%c3%b6Eve\" data-type=\"URL\" data-id=\"http:\/\/vaalikone.elainpolitiikka.fi\/Ehdokas\/Nayta\/95#!R%c3%a4m%c3%b6Eve\" target=\"_blank\" rel=\"noreferrer noopener\"><strong>EL\u00c4INPOLIITTINEN VAALIKONE<\/strong><\/a><\/p>\n<\/div>\n<\/div>\n<\/div>\n<\/div>\n\n\n\n<script src=\"https:\/\/kit.fontawesome.com\/3d70038450.js\" crossorigin=\"anonymous\"><\/script>\n<script src=\"https:\/\/ajax.googleapis.com\/ajax\/libs\/jquery\/2.1.3\/jquery.min.js\"><\/script>\n<script type=\"text\/javascript\">\n  $(function() {\n    $(\".list-heading\").click(function() {\n      $(this).prev(\".list-items\").slideToggle(500);\n      $(this).children(\".fa\").toggleClass(\"fa-chevron-circle-down\").toggleClass(\"fa-chevron-circle-up\");\n      $(this).toggleClass(\"list-heading\").toggleClass(\"slide-down\");\n    });\n  });\n<\/script>\n\n<style>\n.hidden {\n    display: none;\n}\n.list-heading {\n    position: relative;\n    bottom: 8em;\n    text-align: center;\n    padding-top: 5em;\n    margin-bottom: -7em;\n    background-image: linear-gradient(to bottom, transparent, white);\n}\n.slide-down {\n    text-align: center;\n    margin: 1em;\n}\n.arrow {\n    cursor: pointer;\n    font-size: 2.5em;\n    color: #0FBE7C;\n}\n.block-quote {\n    margin-bottom:0px;\n}\n<\/style>\n","protected":false},"excerpt":{"rendered":"<p>Lapset ensin Tulevaisuuteen kannattaa panostaa! Haluamme Vantaalla turvata lapsille tasa-arvoisen lapsuuden ja yhdenvertaisen l\u00e4ht\u00f6kohdan el\u00e4m\u00e4\u00e4n. Haluamme lastemme kasvavan hyvinvoivien vanhempien perheiss\u00e4, terveiss\u00e4 kouluissa ja osaavan henkil\u00f6st\u00f6n parissa. Haluamme, ett\u00e4 aikuisilla on lapsille aikaa. Haluamme, ett\u00e4 lapsemme saavat laadukasta opetusta ja<\/p>\n","protected":false},"author":1136,"featured_media":0,"parent":28301,"menu_order":0,"comment_status":"closed","ping_status":"closed","template":"","meta":{"jetpack_post_was_ever_published":false,"footnotes":""},"class_list":["post-28315","page","type-page","status-publish","hentry"],"jetpack_sharing_enabled":true,"jetpack_shortlink":"https:\/\/wp.me\/P8pbUN-7mH","jetpack_likes_enabled":true,"jetpack-related-posts":[{"id":28558,"url":"https:\/\/henkilot.vihreat.fi\/eve.ramo\/politiikka\/aluevaalit-2022\/","url_meta":{"origin":28315,"position":0},"title":"Aluevaalit 2022","author":"tiina.nylen","date":"16.12.2021","format":false,"excerpt":"Tuleva Vantaa-Kerava hyvinvointialue on 1. Hyv\u00e4 paikka lapsille ja perheille - Panostaa lapsiin ja ennaltaehk\u00e4iseviin palveluihin - Tiedostaa, ett\u00e4 lasten oikeudet ovat aikuisten velvollisuuksia - Investoi nuoriin ja nuorten palveluihin ongelmien ennaltaehk\u00e4isemiseksi - Luo toimivat hoitopolut nepsy-lapsille - Rakentaa kattavasti perhekeskuksia l\u00e4hipalveluna - Kaikessa p\u00e4\u00e4t\u00f6ksenteossa arvioi niiden vaikutuksia lapsiin, osallisuuteen\u2026","rel":"","context":"Samankaltainen artikkeli","block_context":{"text":"Samankaltainen artikkeli","link":""},"img":{"alt_text":"","src":"https:\/\/i0.wp.com\/henkilot.vihreat.fi\/eve.ramo\/files\/2021\/06\/MG_0445_VALMIS2.png?resize=350%2C200&ssl=1","width":350,"height":200,"srcset":"https:\/\/i0.wp.com\/henkilot.vihreat.fi\/eve.ramo\/files\/2021\/06\/MG_0445_VALMIS2.png?resize=350%2C200&ssl=1 1x, https:\/\/i0.wp.com\/henkilot.vihreat.fi\/eve.ramo\/files\/2021\/06\/MG_0445_VALMIS2.png?resize=525%2C300&ssl=1 1.5x, https:\/\/i0.wp.com\/henkilot.vihreat.fi\/eve.ramo\/files\/2021\/06\/MG_0445_VALMIS2.png?resize=700%2C400&ssl=1 2x, https:\/\/i0.wp.com\/henkilot.vihreat.fi\/eve.ramo\/files\/2021\/06\/MG_0445_VALMIS2.png?resize=1050%2C600&ssl=1 3x, https:\/\/i0.wp.com\/henkilot.vihreat.fi\/eve.ramo\/files\/2021\/06\/MG_0445_VALMIS2.png?resize=1400%2C800&ssl=1 4x"},"classes":[]},{"id":28861,"url":"https:\/\/henkilot.vihreat.fi\/eve.ramo\/politiikka\/kunta-aluevaalit-2025\/","url_meta":{"origin":28315,"position":1},"title":"Kunta- ja aluevaalit 2025","author":"tiina.nylen","date":"25.2.2025","format":false,"excerpt":"Kuka? Lyhyesti: Korsolainen kokenut p\u00e4\u00e4tt\u00e4j\u00e4 ja alue ja kaupunginvaltuutettu, kaupunginhallituksen j\u00e4sen, kirkolliskokousedustaja ja kirkkovaltuuston puheenjohtaja. Sosiaalialan ammattilainen jolla on pitk\u00e4 kokemus lastensuojelusta, perheiden auttamisesta, nuorten parissa ty\u00f6skentelyst\u00e4 sek\u00e4 monikulttuurisessa ymp\u00e4rist\u00f6ss\u00e4 toimimisesta sek\u00e4 ty\u00f6st\u00e4 asunnottomien parissa. Luonnossa liikkuja, luonnon puolustaja sek\u00e4 el\u00e4inten yst\u00e4v\u00e4. Pienen tyt\u00f6n \u00e4iti joka pit\u00e4\u00e4 aina pienempien puolta!\u2026","rel":"","context":"Samankaltainen artikkeli","block_context":{"text":"Samankaltainen artikkeli","link":""},"img":{"alt_text":"","src":"https:\/\/i0.wp.com\/henkilot.vihreat.fi\/eve.ramo\/files\/2025\/03\/RamoEve-02_some.jpg?resize=350%2C200&ssl=1","width":350,"height":200},"classes":[]},{"id":28309,"url":"https:\/\/henkilot.vihreat.fi\/eve.ramo\/politiikka\/eduskuntavaalit-2019\/","url_meta":{"origin":28315,"position":2},"title":"Eduskuntavaalit 2019","author":"tiina.nylen","date":"22.1.2021","format":false,"excerpt":"Hyv\u00e4 lapsuus Yhdenvertaiset mahdollisuudet ja toimivat perheiden palvelut Lapsuusaika luo perusteet el\u00e4m\u00e4lle. Lapsuusaikaan panostaminen on suora sijoitus tulevaisuuteen. Yhteiskunnan teht\u00e4v\u00e4 on purkaa lapsia eriarvoistavia rakenteita ja tarjota yhdenvertaiset mahdollisuudet kaikille. T\u00e4m\u00e4 edellytt\u00e4\u00e4 koulutukseen panostamista, k\u00f6yhyyden v\u00e4hent\u00e4mist\u00e4 ja perheiden tukemista. Perheiden tulee saada palveluita jo ennen kuin ongelmat k\u00e4rjistyv\u00e4t. Perheneuvoloissa, perhety\u00f6ss\u00e4\u2026","rel":"","context":"Samankaltainen artikkeli","block_context":{"text":"Samankaltainen artikkeli","link":""},"img":{"alt_text":"","src":"https:\/\/i0.wp.com\/henkilot.vihreat.fi\/eve.ramo\/files\/2012\/09\/muokattu1-2.jpg?resize=350%2C200&ssl=1","width":350,"height":200,"srcset":"https:\/\/i0.wp.com\/henkilot.vihreat.fi\/eve.ramo\/files\/2012\/09\/muokattu1-2.jpg?resize=350%2C200&ssl=1 1x, https:\/\/i0.wp.com\/henkilot.vihreat.fi\/eve.ramo\/files\/2012\/09\/muokattu1-2.jpg?resize=525%2C300&ssl=1 1.5x, https:\/\/i0.wp.com\/henkilot.vihreat.fi\/eve.ramo\/files\/2012\/09\/muokattu1-2.jpg?resize=700%2C400&ssl=1 2x, https:\/\/i0.wp.com\/henkilot.vihreat.fi\/eve.ramo\/files\/2012\/09\/muokattu1-2.jpg?resize=1050%2C600&ssl=1 3x, https:\/\/i0.wp.com\/henkilot.vihreat.fi\/eve.ramo\/files\/2012\/09\/muokattu1-2.jpg?resize=1400%2C800&ssl=1 4x"},"classes":[]},{"id":28261,"url":"https:\/\/henkilot.vihreat.fi\/eve.ramo\/","url_meta":{"origin":28315,"position":3},"title":"Etusivu","author":"tiina.nylen","date":"22.1.2021","format":false,"excerpt":"Olen 41-vuotias vantaalainen, aktiivinen inhimillisyyden ja tasa-arvon puolustaja. \u00a0Olen koulutukseltani sosionomi-kirkon nuorisoty\u00f6nohjaaja ja ty\u00f6skennellyt monipuolisesti sosiaalialalla, erityisesti lastensuojelussa, lasten, nuorten ja perheiden parissa. T\u00e4ll\u00e4 hetkell\u00e4 ty\u00f6skentelen lastensuojelussa tehostetun perhety\u00f6n sosiaaliohjaajana, josta tosin olen parhaillaan vanhempainvapaalla. Lastensuojelun ty\u00f6kokemusta minulla on jo l\u00e4hes 20 vuotta. Olen kaupunginvaltuutettu, Vantaan kaupunginhallituksen j\u00e4sen,Vantaa-Keravan hyvinvointialueen aluevaltuutettu,\u2026","rel":"","context":"Samankaltainen artikkeli","block_context":{"text":"Samankaltainen artikkeli","link":""},"img":{"alt_text":"","src":"","width":0,"height":0},"classes":[]},{"id":28269,"url":"https:\/\/henkilot.vihreat.fi\/eve.ramo\/miksi-eve\/","url_meta":{"origin":28315,"position":4},"title":"Miksi Eve?","author":"tiina.nylen","date":"22.1.2021","format":false,"excerpt":"Minulle on ilo ja kunnia pit\u00e4\u00e4 Eve\u00e4 yst\u00e4v\u00e4n\u00e4ni. H\u00e4n on nainen, joka tekee ty\u00f6t\u00e4 t\u00e4ydell\u00e4 syd\u00e4mell\u00e4 niiden eteen, jotka eiv\u00e4t pysty itse pit\u00e4m\u00e4\u00e4n puoliaan. Even sisukkuuden takia Vantaa on parempi kaupunki olla lapsi. Periksiantamattomasti ja l\u00e4mm\u00f6ll\u00e4 h\u00e4n puolustaa perheit\u00e4, lapsia ja tasa-arvoa. Eve on ihminen, jota Vantaa ja koko t\u00e4m\u00e4\u2026","rel":"","context":"Samankaltainen artikkeli","block_context":{"text":"Samankaltainen artikkeli","link":""},"img":{"alt_text":"","src":"https:\/\/i0.wp.com\/henkilot.vihreat.fi\/eve.ramo\/files\/2021\/01\/Eve_Ramo-2-transparent.png?resize=350%2C200&ssl=1","width":350,"height":200,"srcset":"https:\/\/i0.wp.com\/henkilot.vihreat.fi\/eve.ramo\/files\/2021\/01\/Eve_Ramo-2-transparent.png?resize=350%2C200&ssl=1 1x, https:\/\/i0.wp.com\/henkilot.vihreat.fi\/eve.ramo\/files\/2021\/01\/Eve_Ramo-2-transparent.png?resize=525%2C300&ssl=1 1.5x, https:\/\/i0.wp.com\/henkilot.vihreat.fi\/eve.ramo\/files\/2021\/01\/Eve_Ramo-2-transparent.png?resize=700%2C400&ssl=1 2x, https:\/\/i0.wp.com\/henkilot.vihreat.fi\/eve.ramo\/files\/2021\/01\/Eve_Ramo-2-transparent.png?resize=1050%2C600&ssl=1 3x, https:\/\/i0.wp.com\/henkilot.vihreat.fi\/eve.ramo\/files\/2021\/01\/Eve_Ramo-2-transparent.png?resize=1400%2C800&ssl=1 4x"},"classes":[]},{"id":28659,"url":"https:\/\/henkilot.vihreat.fi\/eve.ramo\/politiikka\/eduskuntavaalit-2023\/","url_meta":{"origin":28315,"position":5},"title":"Eduskuntavaalit 2023","author":"tiina.nylen","date":"15.12.2022","format":false,"excerpt":"Vaaliteemat Perheit\u00e4 on tuettava nykyist\u00e4 enemm\u00e4n Varhaiskasvatuksen hyv\u00e4 laatu on kaikkien etu ja hyv\u00e4 varhaiskasvatus v\u00e4hent\u00e4\u00e4 muiden palveluiden tarvetta. Varhaiskasvatuksen laadun parantaminen vaatii ty\u00f6ntekij\u00f6iden palkkauksen ja ty\u00f6olojen parannusta. Hoitopolut on oltava helppoja ja sujuvia. Esimerkiksi nepsy-lasten diagnosointi ja tuki tulee saada nykyist\u00e4 nopeammin ja helpommin. Kun voimavarat ovat v\u00e4hiss\u00e4 on\u2026","rel":"","context":"Samankaltainen artikkeli","block_context":{"text":"Samankaltainen artikkeli","link":""},"img":{"alt_text":"","src":"https:\/\/i0.wp.com\/henkilot.vihreat.fi\/eve.ramo\/files\/2023\/02\/isosome.jpg?resize=350%2C200&ssl=1","width":350,"height":200,"srcset":"https:\/\/i0.wp.com\/henkilot.vihreat.fi\/eve.ramo\/files\/2023\/02\/isosome.jpg?resize=350%2C200&ssl=1 1x, https:\/\/i0.wp.com\/henkilot.vihreat.fi\/eve.ramo\/files\/2023\/02\/isosome.jpg?resize=525%2C300&ssl=1 1.5x, https:\/\/i0.wp.com\/henkilot.vihreat.fi\/eve.ramo\/files\/2023\/02\/isosome.jpg?resize=700%2C400&ssl=1 2x"},"classes":[]}],"_links":{"self":[{"href":"https:\/\/henkilot.vihreat.fi\/eve.ramo\/wp-json\/wp\/v2\/pages\/28315","targetHints":{"allow":["GET"]}}],"collection":[{"href":"https:\/\/henkilot.vihreat.fi\/eve.ramo\/wp-json\/wp\/v2\/pages"}],"about":[{"href":"https:\/\/henkilot.vihreat.fi\/eve.ramo\/wp-json\/wp\/v2\/types\/page"}],"author":[{"embeddable":true,"href":"https:\/\/henkilot.vihreat.fi\/eve.ramo\/wp-json\/wp\/v2\/users\/1136"}],"replies":[{"embeddable":true,"href":"https:\/\/henkilot.vihreat.fi\/eve.ramo\/wp-json\/wp\/v2\/comments?post=28315"}],"version-history":[{"count":4,"href":"https:\/\/henkilot.vihreat.fi\/eve.ramo\/wp-json\/wp\/v2\/pages\/28315\/revisions"}],"predecessor-version":[{"id":28738,"href":"https:\/\/henkilot.vihreat.fi\/eve.ramo\/wp-json\/wp\/v2\/pages\/28315\/revisions\/28738"}],"up":[{"embeddable":true,"href":"https:\/\/henkilot.vihreat.fi\/eve.ramo\/wp-json\/wp\/v2\/pages\/28301"}],"wp:attachment":[{"href":"https:\/\/henkilot.vihreat.fi\/eve.ramo\/wp-json\/wp\/v2\/media?parent=28315"}],"curies":[{"name":"wp","href":"https:\/\/api.w.org\/{rel}","templated":true}]}}