{"id":28267,"date":"2021-01-22T22:41:47","date_gmt":"2021-01-22T20:41:47","guid":{"rendered":"https:\/\/henkilot.vihreat.fi\/eve.ramo\/?page_id=28267"},"modified":"2023-02-09T22:58:31","modified_gmt":"2023-02-09T20:58:31","slug":"kuntavaalit-2021","status":"publish","type":"page","link":"https:\/\/henkilot.vihreat.fi\/eve.ramo\/politiikka\/kuntavaalit-2021\/","title":{"rendered":"Kuntavaalit 2021"},"content":{"rendered":"\n<div class=\"wp-block-columns is-layout-flex wp-container-core-columns-is-layout-28f84493 wp-block-columns-is-layout-flex\">\n<div class=\"wp-block-column election-page-container is-layout-flow wp-block-column-is-layout-flow\" style=\"flex-basis:100%\">\n<div class=\"wp-block-columns is-layout-flex wp-container-core-columns-is-layout-28f84493 wp-block-columns-is-layout-flex\">\n<div class=\"wp-block-column is-vertically-aligned-top is-layout-flow wp-block-column-is-layout-flow\">\n<h2 class=\"has-black-color has-text-color wp-block-heading\">Minun Vantaani on<\/h2>\n\n\n\n<h2 class=\"has-text-color wp-block-heading\" style=\"color:#cb6ce6\">Lasten ja perheiden Vantaa<\/h2>\n\n\n\n<ul class=\"wp-block-list\">\n<li>Panostaa lapsiin ja ennaltaehk\u00e4iseviin palveluihin<\/li>\n<\/ul>\n\n\n\n<ul class=\"wp-block-list\">\n<li>Tiedostaa, ett\u00e4 lasten oikeudet ovat aikuisten velvollisuuksia<\/li>\n<\/ul>\n\n\n\n<ul class=\"wp-block-list\">\n<li>S\u00e4ilytt\u00e4\u00e4 Vantaa-lis\u00e4n ja helpottaa ty\u00f6n ja perheen yhteensovittamista<\/li>\n<\/ul>\n\n\n\n<ul class=\"wp-block-list\">\n<li>Korjaa sis\u00e4ilmaongelmaiset rakennukset<\/li>\n<\/ul>\n\n\n\n<ul class=\"wp-block-list\">\n<li>Pit\u00e4\u00e4 huolta laadukkaasta opetuksesta ja varhaiskasvatuksesta<\/li>\n<\/ul>\n\n\n\n<ul class=\"wp-block-list\">\n<li>Korjaa kolmiportaisen tuen puutteet kouluissa<\/li>\n<\/ul>\n\n\n\n<ul class=\"wp-block-list\">\n<li>Investoi nuoriin ja nuorten palveluihin ongelmien ennaltaehk\u00e4isemiseksi<\/li>\n<\/ul>\n\n\n\n<div style=\"height:20px\" aria-hidden=\"true\" class=\"wp-block-spacer\"><\/div>\n\n\n\n<h2 class=\"has-text-color wp-block-heading\" style=\"color:#cb6ce6\">Vantaa jossa toimivat peruspalvelut ovat parasta ennaltaehk\u00e4isy\u00e4<\/h2>\n\n\n\n<ul class=\"wp-block-list\">\n<li>Terveysasemalle on saatava yhteys samana p\u00e4iv\u00e4n\u00e4 ja hoitoon p\u00e4\u00e4st\u00e4v\u00e4 heti<\/li>\n<\/ul>\n\n\n\n<ul class=\"wp-block-list\">\n<li>Mielenterveyspalveluiden kriisi on ratkaistava nyt<\/li>\n<\/ul>\n\n\n\n<ul class=\"wp-block-list\">\n<li>Vanhus- ja vammaispalveluiden nivelvaiheisiin tulee kiinnitt\u00e4\u00e4 huomiota<\/li>\n<\/ul>\n\n\n\n<ul class=\"wp-block-list\">\n<li>Kotihoidon resursseja pit\u00e4\u00e4 lis\u00e4t\u00e4<\/li>\n<\/ul>\n\n\n\n<ul class=\"wp-block-list\">\n<li>Vantaa varautuu ja ennakoi SOTE uudistusta ja pit\u00e4\u00e4 kiinni alueellisista palveluista<\/li>\n<\/ul>\n\n\n\n<div style=\"height:20px\" aria-hidden=\"true\" class=\"wp-block-spacer\"><\/div>\n\n\n\n<h2 class=\"has-text-color wp-block-heading\" style=\"color:#cb6ce6\">Vantaa jossa on laadukkaat ja toimivat erityispalvelut<\/h2>\n\n\n\n<ul class=\"wp-block-list\">\n<li>Apua ja tukea tulee saada oikeaan aikaan silloin kun tuen tarve on<\/li>\n<\/ul>\n\n\n\n<ul class=\"wp-block-list\">\n<li>Oikea aikaisella avulla v\u00e4hennet\u00e4\u00e4n pitki\u00e4 asiakkuuksia ja huono-osaisuutta<\/li>\n<\/ul>\n\n\n\n<ul class=\"wp-block-list\">\n<li>Lastensuojelun resurssit on vihdoin saatava kuntoon ja jatkuva kriisi katkaistua<\/li>\n<\/ul>\n\n\n\n<ul class=\"wp-block-list\">\n<li>Erityislapsille ja heid\u00e4n perheilleen on tuki saatava helpommin ja oikeaan aikaan<\/li>\n<\/ul>\n\n\n\n<ul class=\"wp-block-list\">\n<li>P\u00e4ihdepalveluissa ei saa s\u00e4\u00e4st\u00e4\u00e4 t\u00e4rkeist\u00e4 kuntoutuspalveluista tai laitoshoidosta<\/li>\n<\/ul>\n\n\n\n<div style=\"height:20px\" aria-hidden=\"true\" class=\"wp-block-spacer\"><\/div>\n\n\n\n<h2 class=\"has-text-color wp-block-heading\" style=\"color:#cb6ce6\">Vantaa jossa on liikuntamahdollisuuksia ja l\u00e4hiluontoa jokaiselle<\/h2>\n\n\n\n<ul class=\"wp-block-list\">\n<li>Elmon urheilupuisto on rakennettava kest\u00e4v\u00e4sti ja monipuolisesti eik\u00e4 sit\u00e4 saa lyk\u00e4t\u00e4<\/li>\n<\/ul>\n\n\n\n<ul class=\"wp-block-list\">\n<li>L\u00e4hiliikuntapaikkoja tulee olla jokaisen ulottuvissa ymp\u00e4ri Vantaata<\/li>\n<\/ul>\n\n\n\n<ul class=\"wp-block-list\">\n<li>Hy\u00f6dynnet\u00e4\u00e4n l\u00e4hiluonnon ulkoilumahdollisuudet monipuolisesti<\/li>\n<\/ul>\n\n\n\n<ul class=\"wp-block-list\">\n<li>Suojellaan arvokkaat luontokohteet ja varjellaan niiden herkki\u00e4 kasvustoja ja el\u00e4imi\u00e4<\/li>\n<\/ul>\n\n\n\n<ul class=\"wp-block-list\">\n<li>Arvostetaan niin lahokaviosalmmalta, halavasepikk\u00e4\u00e4, purojen kaloja kuin liito-oravia<\/li>\n<\/ul>\n\n\n\n<ul class=\"wp-block-list\">\n<li>Kitket\u00e4\u00e4n vieraslajeja ja kannustetaan kaikkia kitkent\u00e4talkoisiin<\/li>\n<\/ul>\n\n\n\n<div style=\"height:20px\" aria-hidden=\"true\" class=\"wp-block-spacer\"><\/div>\n\n\n\n<div class=\"wp-block-group is-layout-flow wp-block-group-is-layout-flow\">\n<h2 class=\"has-text-color wp-block-heading\" style=\"color:#cb6ce6\">Vantaa jossa l\u00e4hi\u00f6t, l\u00e4hipalvelut ja joukkoliikenne on laitettu kuntoon!<\/h2>\n\n\n\n<ul class=\"wp-block-list\">\n<li>Kehitet\u00e4\u00e4n kaupunginosia tasapuolisesti unohtamatta niiden omaleimaisuutta<\/li>\n<\/ul>\n\n\n\n<ul class=\"wp-block-list\">\n<li> S\u00e4ilytet\u00e4\u00e4n l\u00e4hipalvelut suuralueilla, ei rakenneta alueita ilman palveluita<\/li>\n<\/ul>\n\n\n\n<ul class=\"wp-block-list\">\n<li> Kehitet\u00e4\u00e4n joukkoliikennett\u00e4 tavoittamaan my\u00f6s syrj\u00e4iset kolkat!<\/li>\n<\/ul>\n\n\n\n<ul class=\"wp-block-list\">\n<li>Ehk\u00e4ist\u00e4\u00e4n segregaatiota kaavoituksella, rakentamisella ja kohdennetuilla hankkeilla<\/li>\n<\/ul>\n\n\n\n<ul class=\"wp-block-list\">\n<li>Lis\u00e4t\u00e4\u00e4n osallistavaa budjetointia<\/li>\n<\/ul>\n\n\n\n<div style=\"height:20px\" aria-hidden=\"true\" class=\"wp-block-spacer\"><\/div>\n<\/div>\n\n\n\n<div class=\"wp-block-group is-layout-flow wp-block-group-is-layout-flow\">\n<div class=\"wp-block-group is-layout-flow wp-block-group-is-layout-flow\">\n<h2 class=\"has-text-color wp-block-heading\" style=\"color:#cb6ce6\">Tasa-arvoinen ja yhdenvertainen<\/h2>\n\n\n\n<ul class=\"wp-block-list\">\n<li>Vahvistetaan sukupuolivaikutusten arviointia kaikessa julkisessa p\u00e4\u00e4t\u00f6ksenteossa.<\/li>\n<\/ul>\n\n\n\n<ul class=\"wp-block-list\">\n<li>Panostetaan viestinn\u00e4ss\u00e4 kuntalaisten laajemman monikielisyyden huomioimiseen.<\/li>\n<\/ul>\n\n\n\n<ul class=\"wp-block-list\">\n<li> Kitket\u00e4\u00e4n vihapuhetta ja varmistetaan, ettei ket\u00e4\u00e4n vaienneta p\u00e4\u00e4t\u00f6ksenteossa h\u00e4irinn\u00e4n ja vihapuheen kautta.\u00a0<\/li>\n<\/ul>\n\n\n\n<ul class=\"wp-block-list\">\n<li>Perheiden palveluissa huomioidaan vanhemmuuden jakaminen ja et\u00e4vanhemman oikeudet<\/li>\n<\/ul>\n\n\n\n<ul class=\"wp-block-list\">\n<li>Vantaa tukee turvakotien toimintaa\u00a0<\/li>\n<\/ul>\n\n\n\n<ul class=\"wp-block-list\">\n<li>Kiinnitt\u00e4\u00e4 huomiota ty\u00f6nantajana my\u00f6s toimialojen v\u00e4liseen palkka tasa-arvoon<\/li>\n<\/ul>\n\n\n\n<ul class=\"wp-block-list\">\n<li>Rakennetaan esteett\u00f6m\u00e4sti ja lis\u00e4t\u00e4\u00e4n jokaisen osallistumista ilman kynnyksi\u00e4<\/li>\n<\/ul>\n\n\n\n<ul class=\"wp-block-list\">\n<li>Tuetaan lasten harrastuksia tasapuolisesti<\/li>\n<\/ul>\n\n\n\n<ul class=\"wp-block-list\">\n<li>Vantaa osallistuu jatkossakin Pride viikon tapahtumiin ja edist\u00e4\u00e4 toiminnassaan yhdenvertaisuutta<\/li>\n<\/ul>\n\n\n\n<ul class=\"wp-block-list\">\n<li>Vantaa rahoittaa ja tukee vain tapahtumia ja tahoja, jotka ovat sitoutuneet yhdenvertaisuuteen ja kaupungin arvoihin<\/li>\n<\/ul>\n<\/div>\n\n\n\n<div style=\"height:20px\" aria-hidden=\"true\" class=\"wp-block-spacer\"><\/div>\n<\/div>\n\n\n\n<div class=\"wp-block-group is-layout-flow wp-block-group-is-layout-flow\">\n<h2 class=\"has-text-color wp-block-heading\" style=\"color:#cb6ce6\">On ty\u00f6ntekij\u00f6illeen reilu ty\u00f6nantaja<\/h2>\n\n\n\n<ul class=\"wp-block-list\">\n<li>Tunnustetaan ongelmat rekrytoinnissa ja ty\u00f6ntekij\u00f6iden pysyvyydess\u00e4<\/li>\n<\/ul>\n\n\n\n<ul class=\"wp-block-list\">\n<li> Kehitet\u00e4\u00e4n henkil\u00f6st\u00f6politiikkaa l\u00e4hestytt\u00e4v\u00e4mm\u00e4ksi, avoimeksi ja reiluksi<\/li>\n<\/ul>\n\n\n\n<ul class=\"wp-block-list\">\n<li>Nostetaan palkkoja aloilla, jotka ovat palkkakuopassa<\/li>\n<\/ul>\n\n\n\n<ul class=\"wp-block-list\">\n<li>Kehitet\u00e4\u00e4n henkil\u00f6kunnan palkitsemisj\u00e4rjestelm\u00e4\u00e4 ja henkil\u00f6st\u00f6etuja<\/li>\n<\/ul>\n\n\n\n<ul class=\"wp-block-list\">\n<li>Toimivat, ajantasaiset ja ergonomiset\u00a0 ty\u00f6v\u00e4lineet ovat ty\u00f6nteon edellytys<\/li>\n<\/ul>\n<\/div>\n\n\n\n<div style=\"height:20px\" aria-hidden=\"true\" class=\"wp-block-spacer\"><\/div>\n<\/div>\n\n\n\n<div class=\"wp-block-column is-vertically-aligned-top is-layout-flow wp-block-column-is-layout-flow\" style=\"flex-basis:22em\">\n<figure class=\"wp-block-image size-large is-resized is-style-default\"><img loading=\"lazy\" decoding=\"async\" src=\"https:\/\/henkilot.vihreat.fi\/eve.ramo\/files\/2021\/01\/Eve_Ramo-3-transparent-683x1024.png\" alt=\"\" class=\"wp-image-28290\" width=\"354\" height=\"530\" srcset=\"https:\/\/henkilot.vihreat.fi\/eve.ramo\/files\/2021\/01\/Eve_Ramo-3-transparent-683x1024.png 683w, https:\/\/henkilot.vihreat.fi\/eve.ramo\/files\/2021\/01\/Eve_Ramo-3-transparent-200x300.png 200w, https:\/\/henkilot.vihreat.fi\/eve.ramo\/files\/2021\/01\/Eve_Ramo-3-transparent-768x1152.png 768w, https:\/\/henkilot.vihreat.fi\/eve.ramo\/files\/2021\/01\/Eve_Ramo-3-transparent-1024x1536.png 1024w, https:\/\/henkilot.vihreat.fi\/eve.ramo\/files\/2021\/01\/Eve_Ramo-3-transparent-1365x2048.png 1365w\" sizes=\"auto, (max-width: 354px) 100vw, 354px\" \/><\/figure>\n\n\n\n<p><strong>VAALIKONEET<\/strong><\/p>\n\n\n\n<p><a href=\"https:\/\/www.vaalikone.fi\/kunta2021\/ehdokkaat\/92\/14410\" data-type=\"URL\" target=\"_blank\" rel=\"noreferrer noopener\"><strong>HS VAALIKONE<\/strong><\/a><\/p>\n\n\n\n<p><a href=\"https:\/\/www.vaalikone.fi\/kunta2021\/is\/ehdokkaat\/92\/14410\/\" data-type=\"URL\" target=\"_blank\" rel=\"noreferrer noopener\"><strong>IS VAALIKONE<\/strong><\/a><\/p>\n\n\n\n<p><strong><a href=\"https:\/\/www.vantaansanomat.fi\/vaalikone\/#\/134\/kandidaatti\/17324\" data-type=\"URL\" target=\"_blank\" rel=\"noreferrer noopener\">VANTAAN SANOMAT\/ETEL\u00c4-SUOMEN MEDIAN VAALIKONE<\/a><\/strong><\/p>\n\n\n\n<p><a href=\"https:\/\/vaalikone.yle.fi\/kuntavaalit2021\/276\/ehdokkaat\/27982?lang=fi-FI\" data-type=\"URL\" target=\"_blank\" rel=\"noreferrer noopener\"><strong>YLE VAALIKONE<\/strong><\/a><\/p>\n\n\n\n<p><a href=\"https:\/\/vaalikone.yle.webscale.fi\/MTV\/kuntavaalit2021\/276\/ehdokkaat\/27982\" data-type=\"URL\" target=\"_blank\" rel=\"noreferrer noopener\"><strong>MTV3 VAALIKONE<\/strong><\/a><\/p>\n\n\n\n<p><a href=\"https:\/\/www.alli.fi\/tapahtumat\/nuorten-vaalikone#\/ehdokkaat\/CANDIDATE_58um5tuQ29rqSu94cUtTFF?lng=fi\" data-type=\"URL\" target=\"_blank\" rel=\"noreferrer noopener\"><strong>NUORTEN VAALIKONE<\/strong><\/a><\/p>\n\n\n\n<p><a href=\"http:\/\/elainpolitiikka.fi\/vaalikone\/#\/\" data-type=\"URL\" target=\"_blank\" rel=\"noreferrer noopener\"><strong>EL\u00c4INPOLIITTINEN VAALIKONE<\/strong><\/a><\/p>\n\n\n\n<p><a rel=\"noreferrer noopener\" href=\"https:\/\/www.aamulehti.fi\/vaalikone#\/vaalipiiri\/15\/ehdokas\/1128\" data-type=\"URL\" data-id=\"https:\/\/www.aamulehti.fi\/vaalikone#\/vaalipiiri\/15\/ehdokas\/1128\" target=\"_blank\"><strong>ALMA MEDIA VAALIKONE<\/strong><\/a><\/p>\n\n\n\n<p><a href=\"https:\/\/www.iltalehti.fi\/kuntavaalit-2021\/vaalikone#\/\" data-type=\"URL\" target=\"_blank\" rel=\"noreferrer noopener\"><strong>ILTALEHTI<\/strong><\/a><\/p>\n\n\n\n<p><a href=\"https:\/\/www.oaj.fi\/politiikassa\/kuntavaalit-2021\/vaalikone\/\" data-type=\"URL\" target=\"_blank\" rel=\"noreferrer noopener\"><strong>OAJ<\/strong><\/a><\/p>\n\n\n\n<p><strong><a rel=\"noreferrer noopener\" href=\"https:\/\/vaalikone.omaishoitajat.fi\/ehdokas\/eve-ramo\/\" data-type=\"URL\" data-id=\"https:\/\/vaalikone.omaishoitajat.fi\/ehdokas\/eve-ramo\/\" target=\"_blank\">XXXX<\/a><\/strong><\/p>\n\n\n\n<p><strong><a rel=\"noreferrer noopener\" href=\"https:\/\/uskonnonvapaus.fi\/vaalit\/eduskunta2019\/eve_ramo_uusimaa.html\" data-type=\"URL\" data-id=\"https:\/\/uskonnonvapaus.fi\/vaalit\/eduskunta2019\/eve_ramo_uusimaa.html\" target=\"_blank\">xxx<\/a><\/strong><\/p>\n\n\n\n<p><a rel=\"noreferrer noopener\" href=\"https:\/\/www.maaseuduntulevaisuus.fi\/vaalikone\" data-type=\"URL\" data-id=\"https:\/\/www.maaseuduntulevaisuus.fi\/vaalikone\" target=\"_blank\"><strong>xxx<\/strong><\/a><\/p>\n<\/div>\n<\/div>\n<\/div>\n<\/div>\n\n\n\n<script src=\"https:\/\/kit.fontawesome.com\/3d70038450.js\" crossorigin=\"anonymous\"><\/script>\n<script src=\"https:\/\/ajax.googleapis.com\/ajax\/libs\/jquery\/2.1.3\/jquery.min.js\"><\/script>\n<script type=\"text\/javascript\">\n  $(function() {\n    $(\".list-heading\").click(function() {\n      $(this).prev(\".list-items\").slideToggle(500);\n      $(this).children(\".fa\").toggleClass(\"fa-chevron-circle-down\").toggleClass(\"fa-chevron-circle-up\");\n      $(this).toggleClass(\"list-heading\").toggleClass(\"slide-down\");\n    });\n  });\n<\/script>\n\n<style>\n.hidden {\n    display: none;\n}\n.list-heading {\n    position: relative;\n    bottom: 8em;\n    text-align: center;\n    padding-top: 5em;\n    margin-bottom: -7em;\n    background-image: linear-gradient(to bottom, transparent, white);\n}\n.slide-down {\n    text-align: center;\n    margin: 1em;\n}\n.arrow {\n    cursor: pointer;\n    font-size: 2.5em;\n    color: #0FBE7C;\n}\n.block-quote {\n    margin-bottom:0px;\n}\n<\/style>\n","protected":false},"excerpt":{"rendered":"<p>Minun Vantaani on Lasten ja perheiden Vantaa Vantaa jossa toimivat peruspalvelut ovat parasta ennaltaehk\u00e4isy\u00e4 Vantaa jossa on laadukkaat ja toimivat erityispalvelut Vantaa jossa on liikuntamahdollisuuksia ja l\u00e4hiluontoa jokaiselle Vantaa jossa l\u00e4hi\u00f6t, l\u00e4hipalvelut ja joukkoliikenne on laitettu kuntoon! Tasa-arvoinen ja yhdenvertainen<\/p>\n","protected":false},"author":1136,"featured_media":0,"parent":28301,"menu_order":1,"comment_status":"closed","ping_status":"closed","template":"","meta":{"jetpack_post_was_ever_published":false,"footnotes":""},"class_list":["post-28267","page","type-page","status-publish","hentry"],"jetpack_sharing_enabled":true,"jetpack_shortlink":"https:\/\/wp.me\/P8pbUN-7lV","jetpack_likes_enabled":true,"jetpack-related-posts":[{"id":28315,"url":"https:\/\/henkilot.vihreat.fi\/eve.ramo\/politiikka\/kuntavaalit-2017\/","url_meta":{"origin":28267,"position":0},"title":"Kuntavaalit 2017","author":"tiina.nylen","date":"22.1.2021","format":false,"excerpt":"Lapset ensin Tulevaisuuteen kannattaa panostaa! Haluamme Vantaalla turvata lapsille tasa-arvoisen lapsuuden ja yhdenvertaisen l\u00e4ht\u00f6kohdan el\u00e4m\u00e4\u00e4n. Haluamme lastemme kasvavan hyvinvoivien vanhempien perheiss\u00e4, terveiss\u00e4 kouluissa ja osaavan henkil\u00f6st\u00f6n parissa. Haluamme, ett\u00e4 aikuisilla on lapsille aikaa. Haluamme, ett\u00e4 lapsemme saavat laadukasta opetusta ja varhaiskasvatusta terveiss\u00e4 rakennuksissa. Tukea erilaisille oppilaille on tarjottava matalalla kynnyksell\u00e4\u2026","rel":"","context":"Samankaltainen artikkeli","block_context":{"text":"Samankaltainen artikkeli","link":""},"img":{"alt_text":"","src":"https:\/\/i0.wp.com\/henkilot.vihreat.fi\/eve.ramo\/files\/2012\/08\/Eve_Ra%CC%88mo%CC%88_KP-6Web.jpg?resize=350%2C200&ssl=1","width":350,"height":200,"srcset":"https:\/\/i0.wp.com\/henkilot.vihreat.fi\/eve.ramo\/files\/2012\/08\/Eve_Ra%CC%88mo%CC%88_KP-6Web.jpg?resize=350%2C200&ssl=1 1x, https:\/\/i0.wp.com\/henkilot.vihreat.fi\/eve.ramo\/files\/2012\/08\/Eve_Ra%CC%88mo%CC%88_KP-6Web.jpg?resize=525%2C300&ssl=1 1.5x"},"classes":[]},{"id":28261,"url":"https:\/\/henkilot.vihreat.fi\/eve.ramo\/","url_meta":{"origin":28267,"position":1},"title":"Etusivu","author":"tiina.nylen","date":"22.1.2021","format":false,"excerpt":"Olen 41-vuotias vantaalainen, aktiivinen inhimillisyyden ja tasa-arvon puolustaja. \u00a0Olen koulutukseltani sosionomi-kirkon nuorisoty\u00f6nohjaaja ja ty\u00f6skennellyt monipuolisesti sosiaalialalla, erityisesti lastensuojelussa, lasten, nuorten ja perheiden parissa. T\u00e4ll\u00e4 hetkell\u00e4 ty\u00f6skentelen lastensuojelussa tehostetun perhety\u00f6n sosiaaliohjaajana, josta tosin olen parhaillaan vanhempainvapaalla. Lastensuojelun ty\u00f6kokemusta minulla on jo l\u00e4hes 20 vuotta. Olen kaupunginvaltuutettu, Vantaan kaupunginhallituksen j\u00e4sen,Vantaa-Keravan hyvinvointialueen aluevaltuutettu,\u2026","rel":"","context":"Samankaltainen artikkeli","block_context":{"text":"Samankaltainen artikkeli","link":""},"img":{"alt_text":"","src":"","width":0,"height":0},"classes":[]},{"id":28558,"url":"https:\/\/henkilot.vihreat.fi\/eve.ramo\/politiikka\/aluevaalit-2022\/","url_meta":{"origin":28267,"position":2},"title":"Aluevaalit 2022","author":"tiina.nylen","date":"16.12.2021","format":false,"excerpt":"Tuleva Vantaa-Kerava hyvinvointialue on 1. Hyv\u00e4 paikka lapsille ja perheille - Panostaa lapsiin ja ennaltaehk\u00e4iseviin palveluihin - Tiedostaa, ett\u00e4 lasten oikeudet ovat aikuisten velvollisuuksia - Investoi nuoriin ja nuorten palveluihin ongelmien ennaltaehk\u00e4isemiseksi - Luo toimivat hoitopolut nepsy-lapsille - Rakentaa kattavasti perhekeskuksia l\u00e4hipalveluna - Kaikessa p\u00e4\u00e4t\u00f6ksenteossa arvioi niiden vaikutuksia lapsiin, osallisuuteen\u2026","rel":"","context":"Samankaltainen artikkeli","block_context":{"text":"Samankaltainen artikkeli","link":""},"img":{"alt_text":"","src":"https:\/\/i0.wp.com\/henkilot.vihreat.fi\/eve.ramo\/files\/2021\/06\/MG_0445_VALMIS2.png?resize=350%2C200&ssl=1","width":350,"height":200,"srcset":"https:\/\/i0.wp.com\/henkilot.vihreat.fi\/eve.ramo\/files\/2021\/06\/MG_0445_VALMIS2.png?resize=350%2C200&ssl=1 1x, https:\/\/i0.wp.com\/henkilot.vihreat.fi\/eve.ramo\/files\/2021\/06\/MG_0445_VALMIS2.png?resize=525%2C300&ssl=1 1.5x, https:\/\/i0.wp.com\/henkilot.vihreat.fi\/eve.ramo\/files\/2021\/06\/MG_0445_VALMIS2.png?resize=700%2C400&ssl=1 2x, https:\/\/i0.wp.com\/henkilot.vihreat.fi\/eve.ramo\/files\/2021\/06\/MG_0445_VALMIS2.png?resize=1050%2C600&ssl=1 3x, https:\/\/i0.wp.com\/henkilot.vihreat.fi\/eve.ramo\/files\/2021\/06\/MG_0445_VALMIS2.png?resize=1400%2C800&ssl=1 4x"},"classes":[]},{"id":28301,"url":"https:\/\/henkilot.vihreat.fi\/eve.ramo\/politiikka\/","url_meta":{"origin":28267,"position":3},"title":"Politiikka","author":"tiina.nylen","date":"22.1.2021","format":false,"excerpt":"Olen ehdolla Vantaan kaupunginvaltuustoon sek\u00e4 Vantaa-Keravan aluevaltuustoon. Voit \u00e4\u00e4nest\u00e4\u00e4 minua, jos olet t\u00e4ysi-ik\u00e4inen ja asut Vantaalla tai Keravalla. Ennakko\u00e4\u00e4nestys kotimaassa: keskiviikosta tiistaihin 2-8.4.2025 Vaalip\u00e4iv\u00e4n \u00e4\u00e4nestys: sunnuntai\u00a0 13.4.2025 klo 9 \u2013 20 Eduskuntavaalit 2023 Ty\u00f6- ja luottamusteht\u00e4v\u00e4t","rel":"","context":"Samankaltainen artikkeli","block_context":{"text":"Samankaltainen artikkeli","link":""},"img":{"alt_text":"","src":"https:\/\/i0.wp.com\/henkilot.vihreat.fi\/eve.ramo\/files\/2012\/08\/MG_8158_muok_2.jpg?resize=350%2C200&ssl=1","width":350,"height":200,"srcset":"https:\/\/i0.wp.com\/henkilot.vihreat.fi\/eve.ramo\/files\/2012\/08\/MG_8158_muok_2.jpg?resize=350%2C200&ssl=1 1x, https:\/\/i0.wp.com\/henkilot.vihreat.fi\/eve.ramo\/files\/2012\/08\/MG_8158_muok_2.jpg?resize=525%2C300&ssl=1 1.5x, https:\/\/i0.wp.com\/henkilot.vihreat.fi\/eve.ramo\/files\/2012\/08\/MG_8158_muok_2.jpg?resize=700%2C400&ssl=1 2x, https:\/\/i0.wp.com\/henkilot.vihreat.fi\/eve.ramo\/files\/2012\/08\/MG_8158_muok_2.jpg?resize=1050%2C600&ssl=1 3x"},"classes":[]},{"id":28306,"url":"https:\/\/henkilot.vihreat.fi\/eve.ramo\/politiikka\/luottamustehtavat\/","url_meta":{"origin":28267,"position":4},"title":"Ty\u00f6- ja luottamusteht\u00e4v\u00e4t","author":"tiina.nylen","date":"22.1.2021","format":false,"excerpt":"Sosionomi (AMK) \u2013 Kirkon nuorisoty\u00f6nohjaajaPerhety\u00f6ntekij\u00e4, Vantaa-Keravan hyvinvointialue. Olen ty\u00f6skennellyt\u00a0pitk\u00e4\u00e4n lastensuojelussa, sijoitettujen nuorten sek\u00e4 lapsiperheiden parissa. Viimeiset viisi vuotta olen tehnyt tehostettua perhety\u00f6t\u00e4.T\u00e4m\u00e4n lis\u00e4ksi olen ty\u00f6skennellyt asunnottomien ja p\u00e4ihteidenk\u00e4ytt\u00e4jien parissa, p\u00e4iv\u00e4kodissa, kriminaalihuollossa, kirkon nuorisoty\u00f6nohjaajana, maahanmuuttajanaisten turvakodissa sek\u00e4 tehnyt erilaisia vapaaehtoist\u00f6it\u00e4. Ty\u00f6nkuvaani kuuluu my\u00f6s talouden sosiaaliohjaus. Toimin my\u00f6s varaty\u00f6suojeluvaltuutettuna. Harrastukset Luottamusteht\u00e4v\u00e4tKotikissatoimintaMatkustaminenLukeminenVaeltaminen, tunturit\u2026","rel":"","context":"Samankaltainen artikkeli","block_context":{"text":"Samankaltainen artikkeli","link":""},"img":{"alt_text":"","src":"https:\/\/i0.wp.com\/henkilot.vihreat.fi\/eve.ramo\/files\/2021\/01\/eve_1-edited.jpg?resize=350%2C200&ssl=1","width":350,"height":200,"srcset":"https:\/\/i0.wp.com\/henkilot.vihreat.fi\/eve.ramo\/files\/2021\/01\/eve_1-edited.jpg?resize=350%2C200&ssl=1 1x, https:\/\/i0.wp.com\/henkilot.vihreat.fi\/eve.ramo\/files\/2021\/01\/eve_1-edited.jpg?resize=525%2C300&ssl=1 1.5x"},"classes":[]},{"id":28269,"url":"https:\/\/henkilot.vihreat.fi\/eve.ramo\/miksi-eve\/","url_meta":{"origin":28267,"position":5},"title":"Miksi Eve?","author":"tiina.nylen","date":"22.1.2021","format":false,"excerpt":"Minulle on ilo ja kunnia pit\u00e4\u00e4 Eve\u00e4 yst\u00e4v\u00e4n\u00e4ni. H\u00e4n on nainen, joka tekee ty\u00f6t\u00e4 t\u00e4ydell\u00e4 syd\u00e4mell\u00e4 niiden eteen, jotka eiv\u00e4t pysty itse pit\u00e4m\u00e4\u00e4n puoliaan. Even sisukkuuden takia Vantaa on parempi kaupunki olla lapsi. Periksiantamattomasti ja l\u00e4mm\u00f6ll\u00e4 h\u00e4n puolustaa perheit\u00e4, lapsia ja tasa-arvoa. Eve on ihminen, jota Vantaa ja koko t\u00e4m\u00e4\u2026","rel":"","context":"Samankaltainen artikkeli","block_context":{"text":"Samankaltainen artikkeli","link":""},"img":{"alt_text":"","src":"https:\/\/i0.wp.com\/henkilot.vihreat.fi\/eve.ramo\/files\/2021\/01\/Eve_Ramo-2-transparent.png?resize=350%2C200&ssl=1","width":350,"height":200,"srcset":"https:\/\/i0.wp.com\/henkilot.vihreat.fi\/eve.ramo\/files\/2021\/01\/Eve_Ramo-2-transparent.png?resize=350%2C200&ssl=1 1x, https:\/\/i0.wp.com\/henkilot.vihreat.fi\/eve.ramo\/files\/2021\/01\/Eve_Ramo-2-transparent.png?resize=525%2C300&ssl=1 1.5x, https:\/\/i0.wp.com\/henkilot.vihreat.fi\/eve.ramo\/files\/2021\/01\/Eve_Ramo-2-transparent.png?resize=700%2C400&ssl=1 2x, https:\/\/i0.wp.com\/henkilot.vihreat.fi\/eve.ramo\/files\/2021\/01\/Eve_Ramo-2-transparent.png?resize=1050%2C600&ssl=1 3x, https:\/\/i0.wp.com\/henkilot.vihreat.fi\/eve.ramo\/files\/2021\/01\/Eve_Ramo-2-transparent.png?resize=1400%2C800&ssl=1 4x"},"classes":[]}],"_links":{"self":[{"href":"https:\/\/henkilot.vihreat.fi\/eve.ramo\/wp-json\/wp\/v2\/pages\/28267","targetHints":{"allow":["GET"]}}],"collection":[{"href":"https:\/\/henkilot.vihreat.fi\/eve.ramo\/wp-json\/wp\/v2\/pages"}],"about":[{"href":"https:\/\/henkilot.vihreat.fi\/eve.ramo\/wp-json\/wp\/v2\/types\/page"}],"author":[{"embeddable":true,"href":"https:\/\/henkilot.vihreat.fi\/eve.ramo\/wp-json\/wp\/v2\/users\/1136"}],"replies":[{"embeddable":true,"href":"https:\/\/henkilot.vihreat.fi\/eve.ramo\/wp-json\/wp\/v2\/comments?post=28267"}],"version-history":[{"count":18,"href":"https:\/\/henkilot.vihreat.fi\/eve.ramo\/wp-json\/wp\/v2\/pages\/28267\/revisions"}],"predecessor-version":[{"id":28712,"href":"https:\/\/henkilot.vihreat.fi\/eve.ramo\/wp-json\/wp\/v2\/pages\/28267\/revisions\/28712"}],"up":[{"embeddable":true,"href":"https:\/\/henkilot.vihreat.fi\/eve.ramo\/wp-json\/wp\/v2\/pages\/28301"}],"wp:attachment":[{"href":"https:\/\/henkilot.vihreat.fi\/eve.ramo\/wp-json\/wp\/v2\/media?parent=28267"}],"curies":[{"name":"wp","href":"https:\/\/api.w.org\/{rel}","templated":true}]}}