{"id":22,"date":"2012-10-04T20:08:59","date_gmt":"2012-10-04T18:08:59","guid":{"rendered":"https:\/\/henkilot.vihreat.fi\/esa.aalto\/?page_id=22"},"modified":"2025-03-17T14:54:59","modified_gmt":"2025-03-17T12:54:59","slug":"vaalikoneet","status":"publish","type":"page","link":"https:\/\/henkilot.vihreat.fi\/esa.aalto\/vaalikoneet\/","title":{"rendered":"Vaalikoneet"},"content":{"rendered":"<p><strong>Alue- ja kuntavaalit 2025<br \/>\n<\/strong>N\u00e4ihin vaalikoineisiin olen vastannut<\/p>\n<p><a href=\"https:\/\/vaalit.yle.fi\/vaalikone\/kuntavaalit2025\/155\/ehdokkaat\/7448?language=fi\" target=\"_blank\" rel=\"noopener\">YLE:n vaalikone<\/a><br \/>\n<a href=\"https:\/\/www.vaalikone.fi\/kunta2025\/hs\/ehdokkaat\/2e66aad9-107d-408e-917b-4e29fab9ca70\" target=\"_blank\" rel=\"noopener\">Sanoman vaalikone (mm. Helsingin sanomat ja Iltasanomat)<\/a><br \/>\n<a href=\"https:\/\/www.kaleva.fi\/kalevan-vaalikone-on-nyt-auki-katso-tasta-kuka-on\/11550115#\/ehdokas\/718\/80146\" target=\"_blank\" rel=\"noopener\">Alma-median vaalikone (Iltalehti, Kaleva, ym.)<\/a><br \/>\n<a href=\"https:\/\/www.mtvuutiset.fi\/vaalikone\/101\/vaalipiiri\/240\/ehdokkaat\/12328\" target=\"_blank\" rel=\"noopener\">MTV:n vaalikone<\/a><br \/>\n<a href=\"https:\/\/nuorisoala.fi\/palvelut\/demokratiakasvatus-ja-osallisuus\/nuorten-vaalikone\/\" target=\"_blank\" rel=\"noopener\">Nuorten vaalikone<\/a><br \/>\n<a href=\"https:\/\/uskonnonvapaus.fi\/vaalit\/kunta25\/ehdokas\/1524\" target=\"_blank\" rel=\"noopener\">Uskonnovapaus -vaalikone<\/a><\/p>\n<p><strong>Eduskuntavaalit 2023<br \/>\n<\/strong>N\u00e4ihin vaalikoineisiin olen vastannut<\/p>\n<p><a href=\"https:\/\/vaalit.yle.fi\/vaalikone\/eduskuntavaalit2023\/12\/ehdokkaat\/1171?lang=fi-FI\" target=\"_blank\" rel=\"noopener\">YLE:n vaalikone ja vaalivideo<\/a>, <a href=\"https:\/\/kielivaalikone.fi\/fi\/\" target=\"_blank\" rel=\"noopener\">Kielivaalikone<\/a>, <a href=\"https:\/\/nuorisoala.fi\/nuorten-vaalikone-2023\/#\/ehdokkaat\/CANDIDATE_k3yqBNHVtcDhgVbCtQFXQG?lng=fi\" target=\"_blank\" rel=\"noopener\">Nuorten vaalikone<\/a>,\u00a0<a href=\"https:\/\/www.iltalehti.fi\/eduskuntavaalit-2023\/vaalikone#\/vaalipiiri\/441\/ehdokas\/62990\" target=\"_blank\" rel=\"noopener\">Alma-median vaalikone (Iltalehti, Kaleva, ym.)<\/a>, <a href=\"https:\/\/www.vaalikone.fi\/eduskunta2023\/hs\/ehdokkaat\/38da1193-10a9-45b0-81bf-5ff6f7e8e6af\" target=\"_blank\" rel=\"noopener\">Sanoman vaalikone (mm. Helsingin sanomat ja Iltasanomat)<\/a>, <a href=\"https:\/\/sey.fi\/vaalikone\/?utm_source=email&amp;utm_medium=email&amp;utm_campaign=kirjekyyhky#\/ehdokkaat\/CANDIDATE_1fWD1GeL8jFZf5fxT44qv5?lng=fi\" target=\"_blank\" rel=\"noopener\">El\u00e4inpoliittinen vaalikone (SEY)<\/a>, <a href=\"https:\/\/akl.fi\/uutishuone\/liikennevaalikone\/#\/ehdokkaat\/CANDIDATE_8KLqozjTwyHye9RSEmH7MB?lng=fi\" target=\"_blank\" rel=\"noopener\">Auto- ja liikennealan vaalikone<\/a>, <a href=\"https:\/\/duunitori.fi\/vaalikone\/ehdokas\/oulu\/esa-aalto-vihreat-oulu\" target=\"_blank\" rel=\"noopener\">Duunitorin vaalikone<\/a>, <a href=\"https:\/\/uskonnonvapaus.fi\/vaalit\/eduskunta2023\/378\" target=\"_blank\" rel=\"noopener\">Uskonnonvapaus.fi<\/a><\/p>\n<p><strong>Aluevaalien 2022 vaalikoneet.<\/strong> Vastasin n\u00e4ihin:<\/p>\n<p><a href=\"https:\/\/www.vaalikone.fi\/alue2022\/\" target=\"_blank\" rel=\"noopener\">Helsingin Sanomien, Ilta-Sanomien, Aamulehden ja Satakunnan Kansan yhteinen aluevaalikone, <\/a><a href=\"https:\/\/www.kaleva.fi\/aluevaalit-lahestyvat-katso-kalevan-aluevaalikonee\/4198414#\/\" target=\"_blank\" rel=\"noopener\">Iltalehden, Uuden Suomen, Turun Sanomien, Kalevan, Lapin Kansan, Kainuun Sanomien, L\u00e4nsi-Suomen ja Keskipohjanmaan aluevaalikone, <\/a><a href=\"https:\/\/vaalikone.yle.fi\/aluevaalit2022\" target=\"_blank\" rel=\"noopener\">YLE:n vaalikone<\/a><\/p>\n<p>Vammaisneuvoston vaalikone<\/p>\n<p>N<strong>\u00e4ist\u00e4 vaalikoneista pit\u00e4isi l\u00f6yty\u00e4 minunkin vastaukseni 2021 kuntavaaleissa.<\/strong><\/p>\n<p><a href=\"https:\/\/www.alli.fi\/tapahtumat\/nuorten-vaalikone#\/\" target=\"_blank\" rel=\"noopener\">Nuorten vaalikone<\/a><\/p>\n<p><a href=\"http:\/\/elainpolitiikka.fi\/vaalikone\/#\/\" target=\"_blank\" rel=\"noopener\">El\u00e4inpoliittinen vaalikone<\/a><\/p>\n<p><a href=\"https:\/\/www.iltalehti.fi\/kuntavaalit-2021\/vaalikone#\/\" target=\"_blank\" rel=\"noopener\">Iltalehden vaalikone<\/a><\/p>\n<p><a href=\"https:\/\/apps.myzef.com\/resources\/kalevaoy\/95pr0q\/index.html\">Kalevan vaalikone<\/a><\/p>\n<p><a href=\"https:\/\/www.oaj.fi\/politiikassa\/kuntavaalit-2021\/\" target=\"_blank\" rel=\"noopener\">OAJ:n vaalikone<\/a><\/p>\n<p><a href=\"https:\/\/www.rantapohja.fi\/tiedotteet\/pida-rantapohjan-vaalikone-kaynnissa\/?publishdates=20210520\" target=\"_blank\" rel=\"noopener\">Rantapohjan vaalikone<\/a><\/p>\n<p>Sanoman vaalikone (<a href=\"https:\/\/www.vaalikone.fi\/kunta2021\/\" target=\"_blank\" rel=\"noopener\">Helsingin Sanomat<\/a>, <a href=\"https:\/\/www.is.fi\/politiikka\/art-2000007978654.html\" target=\"_blank\" rel=\"noopener\">Iltasanomat<\/a>, ym.)<\/p>\n<p><a href=\"https:\/\/vaalikone.yle.fi\/kuntavaalit2021?lang=fi-FI\">Yle<\/a> ja yhteisty\u00f6kumppanit (<a href=\"https:\/\/www.mtvuutiset.fi\/artikkeli\/maikkarin-vaalikone-on-auki-loyda-oma-kuntavaaliehdokkaasi\/8138664#gs.262rzy\" target=\"_blank\" rel=\"noopener\">MTV<\/a>, <a href=\"https:\/\/www.maaseuduntulevaisuus.fi\/politiikka\/artikkeli-1.1395823\" target=\"_blank\" rel=\"noopener\">Maaseudun tulevaisuus<\/a>, ym.)<\/p>\n<p><a href=\"http:\/\/www.luontovaalikone.fi\/oulu\/\" target=\"_blank\" rel=\"noopener\">Luontovaalikone<\/a><\/p>\n<p>Eduskuntavaaleissa 2019 vastasin n\u00e4ihin.<\/p>\n<p>Almamedia (Iltalehti, Aamulehti, Kauppalehti, Talousel\u00e4m\u00e4, Uusi Suomi, ym.)<\/p>\n<p>Duunitori<\/p>\n<p><a href=\"http:\/\/elainpolitiikka.fi\/vaalikone\/\">El\u00e4inpoliittinen vaalikone<\/a> (SEY &amp; Animalia)<\/p>\n<p>Helsingin sanomat<\/p>\n<p>Ilta-Sanomat<\/p>\n<p>Luovie alojen vaalikone<\/p>\n<p>Maaseudun tulevaisuus<\/p>\n<p>Mets\u00e4lehti (T\u00e4ss\u00e4 oli hyvi\u00e4 mets\u00e4aiheisia luontokysymyksi\u00e4.)<\/p>\n<p>MTV3<\/p>\n<p>Nuorten vaalikone (Allianssi)<\/p>\n<p><a href=\"https:\/\/vaalikone.omaishoitajat.fi\/ehdokas\/esa-aalto\/\">Omaishoitajaliiton vaalikone<\/a><\/p>\n<p><a href=\"https:\/\/www.terveysehdokas.fi\/\">Terveysehdokas (Yksi El\u00e4m\u00e4 -terveystalkoot)<\/a><\/p>\n<p>Viini-lehden vaalikone<\/p>\n<p>Virtavesivaalit.fi<\/p>\n<p>YLE<\/p>\n<p>N\u00e4ihin vastasin 2017 kuntavaaleissa.<\/p>\n<p><a href=\"http:\/\/www.vaalikone.fi\/kunta2017\/oulu\/ehdokas\/1168\/\">Helsingin Sanomat<\/a><\/p>\n<p><a href=\"http:\/\/www.vaalikone.fi\/kunta2017\/is\/oulu\/ehdokas\/1168\">Ilta-Sanomat<\/a><\/p>\n<p><a href=\"https:\/\/vaalikone.yle.fi\/kuntavaalit2017\/oulu\/kysymykset?\">YLE<\/a><\/p>\n<p>N\u00e4ihin vaalikoneisiin vastasin eduskuntavaaleja 2015 varten. Osa saattaa viel\u00e4kin olla k\u00e4ytett\u00e4viss\u00e4.<\/p>\n<p><a href=\"http:\/\/www.vaalikone.fi\/eduskunta2015\/\">Helsingin Sanomat<\/a><\/p>\n<p><a href=\"http:\/\/www.vaalikone.fi\/eduskunta2015\/is\/\">Iltasanomat<\/a><\/p>\n<p><a href=\"http:\/\/www.nuortenvaalikone.fi\/\">Allianssi<\/a> (Nuorten vaalikone)<\/p>\n<p><a href=\"http:\/\/www.mtv.fi\/uutiset\/eduskuntavaalit\/vaalikone\">MTV3<\/a><\/p>\n<p><span class=\"text_exposed_show\"><a href=\"http:\/\/vaalikone.elainpolitiikka.net\/\">El\u00e4inpoliittinen vaalikone<\/a><\/span><\/p>\n<p><span class=\"text_exposed_show\"><a href=\"http:\/\/vaalikone.yle.fi\/eduskuntavaalit2015\/\">YLE<\/a><\/span><\/p>\n<p><a href=\"http:\/\/www.uskonnonvapaus.fi\/vaalit\/eduskunta2015\/\">Uskonnonvapaus<\/a><\/p>\n<p><a href=\"http:\/\/www.vaalikone2015.fi\">Talouspoliittinen<\/a> (ymp\u00e4rist\u00f6- ja kehitysj\u00e4rjest\u00f6jen vaalikone)<\/p>\n<p><a href=\"http:\/\/vammainenvaalikone.fi\/tablet\/vaaliteesit.html\">Vammaisten vaalikone<\/a><\/p>\n<p><a href=\"http:\/\/www.maaseuduntulevaisuus.fi\/2.657\">Maaseudun tulevaisuus<\/a> (T\u00e4m\u00e4 on hyv\u00e4!)<\/p>\n<p><a href=\"http:\/\/www.autoliitto.fi\/autoliitto\/edunvalvonta\/vaalikone\/\">Autoliitto<\/a><\/p>\n<p><a href=\"http:\/\/taivasjahelvetti.fi\/vaalikone\">Taivas ja helvetti<\/a> (yritt\u00e4j\u00e4t)<\/p>\n<p><span class=\"text_exposed_show\"><a href=\"http:\/\/www.iltalehti.fi\/vaalikone\/\">Iltalehti<\/a><\/span><\/p>\n<p><a href=\"http:\/\/www.teosto.fi\/vaalikone\">Teosto<\/a><\/p>\n<p><a href=\"http:\/\/www.kristillinenvaalikone.fi\/main\">TaivasTV7<\/a> (Kristillinen vaalikone)<\/p>\n<p><a href=\"https:\/\/www.seiska.fi\/vaalikone\">Seiska<\/a><\/p>\n<p><a href=\"http:\/\/www.asuntopoliittinenvaalikone.fi\/\">Asuntopoliittinen<\/a><\/p>\n","protected":false},"excerpt":{"rendered":"<p>Alue- ja kuntavaalit 2025 N\u00e4ihin vaalikoineisiin olen vastannut YLE:n vaalikone Sanoman vaalikone (mm. Helsingin sanomat ja Iltasanomat) Alma-median vaalikone (Iltalehti, Kaleva, ym.) MTV:n vaalikone Nuorten vaalikone Uskonnovapaus -vaalikone Eduskuntavaalit 2023 N\u00e4ihin vaalikoineisiin olen vastannut YLE:n vaalikone ja vaalivideo, Kielivaalikone, Nuorten vaalikone,\u00a0Alma-median vaalikone (Iltalehti, Kaleva, ym.), Sanoman vaalikone (mm. Helsingin sanomat ja Iltasanomat), El\u00e4inpoliittinen vaalikone (SEY), [&hellip;]<\/p>\n","protected":false},"author":95,"featured_media":0,"parent":0,"menu_order":0,"comment_status":"open","ping_status":"open","template":"","meta":{"_crdt_document":"","footnotes":""},"class_list":["post-22","page","type-page","status-publish","hentry"],"_links":{"self":[{"href":"https:\/\/henkilot.vihreat.fi\/esa.aalto\/wp-json\/wp\/v2\/pages\/22","targetHints":{"allow":["GET"]}}],"collection":[{"href":"https:\/\/henkilot.vihreat.fi\/esa.aalto\/wp-json\/wp\/v2\/pages"}],"about":[{"href":"https:\/\/henkilot.vihreat.fi\/esa.aalto\/wp-json\/wp\/v2\/types\/page"}],"author":[{"embeddable":true,"href":"https:\/\/henkilot.vihreat.fi\/esa.aalto\/wp-json\/wp\/v2\/users\/95"}],"replies":[{"embeddable":true,"href":"https:\/\/henkilot.vihreat.fi\/esa.aalto\/wp-json\/wp\/v2\/comments?post=22"}],"version-history":[{"count":50,"href":"https:\/\/henkilot.vihreat.fi\/esa.aalto\/wp-json\/wp\/v2\/pages\/22\/revisions"}],"predecessor-version":[{"id":884,"href":"https:\/\/henkilot.vihreat.fi\/esa.aalto\/wp-json\/wp\/v2\/pages\/22\/revisions\/884"}],"wp:attachment":[{"href":"https:\/\/henkilot.vihreat.fi\/esa.aalto\/wp-json\/wp\/v2\/media?parent=22"}],"curies":[{"name":"wp","href":"https:\/\/api.w.org\/{rel}","templated":true}]}}